Last updated on 2025-01-22 07:50:25 CET.
Flavor | Version | Tinstall | Tcheck | Ttotal | Status | Flags |
---|---|---|---|---|---|---|
r-devel-linux-x86_64-debian-clang | 2.5.1 | 10.31 | 77.01 | 87.32 | NOTE | |
r-devel-linux-x86_64-debian-gcc | 2.5.1 | 6.96 | 50.95 | 57.91 | NOTE | |
r-devel-linux-x86_64-fedora-clang | 2.5.1 | 136.09 | OK | |||
r-devel-linux-x86_64-fedora-gcc | 2.5.1 | 128.74 | OK | |||
r-devel-windows-x86_64 | 2.5.1 | 11.00 | 101.00 | 112.00 | NOTE | |
r-patched-linux-x86_64 | 2.5.1 | 15.16 | 71.64 | 86.80 | OK | |
r-release-linux-x86_64 | 2.5.1 | 9.44 | 71.40 | 80.84 | OK | |
r-release-macos-arm64 | 2.5.1 | 47.00 | OK | |||
r-release-macos-x86_64 | 2.5.1 | 80.00 | OK | |||
r-release-windows-x86_64 | 2.5.1 | 12.00 | 98.00 | 110.00 | OK | |
r-oldrel-macos-arm64 | 2.5.1 | 45.00 | OK | |||
r-oldrel-macos-x86_64 | 2.5.1 | 98.00 | OK | |||
r-oldrel-windows-x86_64 | 2.5.1 | 14.00 | 117.00 | 131.00 | OK |
Version: 2.5.1
Check: Rd cross-references
Result: NOTE
Found the following Rd file(s) with Rd \link{} targets missing package
anchors:
AG.Rd: igraph
MAG.Rd: igraph
MRG.Rd: igraph
MSG.Rd: igraph
MarkEqMag.Rd: igraph
MarkEqRcg.Rd: igraph
Max.Rd: igraph
RG.Rd: igraph
RepMarBG.Rd: igraph
RepMarDAG.Rd: igraph
RepMarUG.Rd: igraph
SG.Rd: igraph
ggm.Rd: cliques
grMAT.Rd: igraph
msep.Rd: igraph
null.Rd: Null
plotGraph.Rd: igraph, tkplot, plot.igraph
Please provide package anchors for all Rd \link{} targets not in the
package itself and the base packages.
Flavors: r-devel-linux-x86_64-debian-clang, r-devel-linux-x86_64-debian-gcc, r-devel-windows-x86_64