Last updated on 2025-06-30 07:49:21 CEST.
Flavor | Version | Tinstall | Tcheck | Ttotal | Status | Flags |
---|---|---|---|---|---|---|
r-devel-linux-x86_64-debian-clang | 0.1.3 | 5.23 | 49.29 | 54.52 | OK | |
r-devel-linux-x86_64-debian-gcc | 0.1.3 | 3.99 | 35.23 | 39.22 | OK | |
r-devel-linux-x86_64-fedora-clang | 0.1.3 | 82.53 | NOTE | |||
r-devel-linux-x86_64-fedora-gcc | 0.1.3 | 76.70 | NOTE | |||
r-devel-windows-x86_64 | 0.1.3 | 7.00 | 67.00 | 74.00 | OK | |
r-patched-linux-x86_64 | OK | |||||
r-release-linux-x86_64 | 0.1.3 | 4.57 | 45.41 | 49.98 | OK | |
r-release-macos-arm64 | 0.1.3 | 29.00 | OK | |||
r-release-macos-x86_64 | 0.1.3 | 44.00 | OK | |||
r-release-windows-x86_64 | 0.1.3 | 8.00 | 64.00 | 72.00 | OK | |
r-oldrel-macos-arm64 | 0.1.3 | 26.00 | OK | |||
r-oldrel-macos-x86_64 | 0.1.3 | 38.00 | OK | |||
r-oldrel-windows-x86_64 | 0.1.3 | 10.00 | 75.00 | 85.00 | OK |
Version: 0.1.3
Check: dependencies in R code
Result: NOTE
Namespace in Imports field not imported from: ‘utils’
All declared Imports should be used.
Flavors: r-devel-linux-x86_64-fedora-clang, r-devel-linux-x86_64-fedora-gcc