Last updated on 2024-05-13 07:50:02 CEST.
Flavor | Version | Tinstall | Tcheck | Ttotal | Status | Flags |
---|---|---|---|---|---|---|
r-devel-linux-x86_64-debian-clang | 1.0.1 | 10.40 | 127.51 | 137.91 | NOTE | |
r-devel-linux-x86_64-debian-gcc | 1.0.1 | 7.46 | 98.15 | 105.61 | NOTE | |
r-devel-linux-x86_64-fedora-clang | 1.0.1 | 192.37 | NOTE | |||
r-devel-linux-x86_64-fedora-gcc | 1.0.1 | 182.39 | NOTE | |||
r-devel-windows-x86_64 | 1.0.1 | 9.00 | 109.00 | 118.00 | NOTE | |
r-patched-linux-x86_64 | 1.0.1 | 14.10 | 124.61 | 138.71 | NOTE | |
r-release-linux-x86_64 | 1.0.1 | 9.50 | 124.77 | 134.27 | NOTE | |
r-release-macos-arm64 | 1.0.1 | 54.00 | NOTE | |||
r-release-windows-x86_64 | 1.0.1 | 10.00 | 109.00 | 119.00 | NOTE | |
r-oldrel-macos-arm64 | 1.0.1 | 55.00 | OK | |||
r-oldrel-macos-x86_64 | 1.0.1 | 92.00 | OK | |||
r-oldrel-windows-x86_64 | 1.0.1 | 12.00 | 133.00 | 145.00 | OK |
Version: 1.0.1
Check: Rd files
Result: NOTE
checkRd: (-1) render_context.Rd:42: Lost braces; missing escapes or markup?
42 | \item{xmin, ymin, xmax, ymax}{Boundaries of the area in pixels. {0,0} is the
| ^
Flavors: r-devel-linux-x86_64-debian-clang, r-devel-linux-x86_64-debian-gcc, r-devel-linux-x86_64-fedora-clang, r-devel-linux-x86_64-fedora-gcc, r-devel-windows-x86_64, r-patched-linux-x86_64, r-release-linux-x86_64, r-release-macos-arm64, r-release-windows-x86_64