Last updated on 2025-02-17 07:50:34 CET.
Flavor | Version | Tinstall | Tcheck | Ttotal | Status | Flags |
---|---|---|---|---|---|---|
r-devel-linux-x86_64-debian-clang | 0.2.1 | 4.22 | 42.13 | 46.35 | OK | |
r-devel-linux-x86_64-debian-gcc | 0.2.1 | 3.45 | 30.71 | 34.16 | OK | |
r-devel-linux-x86_64-fedora-clang | 0.2.1 | 76.17 | OK | |||
r-devel-linux-x86_64-fedora-gcc | 0.2.1 | 68.44 | OK | |||
r-devel-macos-arm64 | 0.2.1 | 24.00 | OK | |||
r-devel-macos-x86_64 | 0.2.1 | 43.00 | OK | |||
r-devel-windows-x86_64 | 0.2.1 | 6.00 | 59.00 | 65.00 | OK | |
r-patched-linux-x86_64 | 0.2.1 | 4.38 | 38.84 | 43.22 | NOTE | |
r-release-linux-x86_64 | 0.2.1 | 3.78 | 38.08 | 41.86 | NOTE | |
r-release-macos-arm64 | 0.2.1 | 26.00 | NOTE | |||
r-release-macos-x86_64 | 0.2.1 | 37.00 | NOTE | |||
r-release-windows-x86_64 | 0.2.1 | 7.00 | 67.00 | 74.00 | NOTE | |
r-oldrel-macos-arm64 | 0.2.1 | 26.00 | NOTE | |||
r-oldrel-macos-x86_64 | 0.2.1 | 42.00 | NOTE | |||
r-oldrel-windows-x86_64 | 0.2.1 | 9.00 | 62.00 | 71.00 | NOTE |
Version: 0.2.1
Check: LazyData
Result: NOTE
'LazyData' is specified without a 'data' directory
Flavors: r-patched-linux-x86_64, r-release-linux-x86_64, r-release-macos-arm64, r-release-macos-x86_64, r-release-windows-x86_64, r-oldrel-macos-arm64, r-oldrel-macos-x86_64, r-oldrel-windows-x86_64