Last updated on 2025-02-17 07:50:34 CET.
Flavor | Version | Tinstall | Tcheck | Ttotal | Status | Flags |
---|---|---|---|---|---|---|
r-devel-linux-x86_64-debian-clang | 1.0.4 | 15.47 | 193.23 | 208.70 | NOTE | |
r-devel-linux-x86_64-debian-gcc | 1.0.4 | 9.27 | 116.82 | 126.09 | NOTE | |
r-devel-linux-x86_64-fedora-clang | 1.0.4 | 344.83 | NOTE | |||
r-devel-linux-x86_64-fedora-gcc | 1.0.4 | 321.48 | NOTE | |||
r-devel-macos-arm64 | 1.0.4 | 83.00 | NOTE | |||
r-devel-macos-x86_64 | 1.0.4 | 189.00 | NOTE | |||
r-devel-windows-x86_64 | 1.0.4 | 17.00 | 200.00 | 217.00 | NOTE | |
r-patched-linux-x86_64 | 1.0.4 | 14.40 | 176.16 | 190.56 | NOTE | |
r-release-linux-x86_64 | 1.0.4 | 13.88 | 176.84 | 190.72 | NOTE | |
r-release-macos-arm64 | 1.0.4 | 81.00 | NOTE | |||
r-release-macos-x86_64 | 1.0.4 | 128.00 | NOTE | |||
r-release-windows-x86_64 | 1.0.4 | 18.00 | 198.00 | 216.00 | NOTE | |
r-oldrel-macos-arm64 | 1.0.4 | 88.00 | NOTE | |||
r-oldrel-macos-x86_64 | 1.0.4 | 145.00 | NOTE | |||
r-oldrel-windows-x86_64 | 1.0.4 | 20.00 | 245.00 | 265.00 | NOTE |
Version: 1.0.4
Check: package subdirectories
Result: NOTE
Problems with news in ‘NEWS.md’:
No news entries found.
Flavors: r-devel-linux-x86_64-debian-clang, r-devel-linux-x86_64-debian-gcc, r-devel-linux-x86_64-fedora-clang, r-devel-linux-x86_64-fedora-gcc, r-devel-macos-arm64, r-devel-macos-x86_64, r-devel-windows-x86_64, r-patched-linux-x86_64, r-release-linux-x86_64, r-release-macos-arm64, r-release-macos-x86_64, r-release-windows-x86_64, r-oldrel-macos-arm64, r-oldrel-macos-x86_64, r-oldrel-windows-x86_64
Version: 1.0.4
Check: for unstated dependencies in ‘demo’
Result: NOTE
'library' or 'require' call not declared from: ‘gridExtra’
Flavors: r-devel-linux-x86_64-debian-clang, r-devel-linux-x86_64-debian-gcc