Last updated on 2025-11-02 07:50:07 CET.
| Flavor | Version | Tinstall | Tcheck | Ttotal | Status | Flags |
|---|---|---|---|---|---|---|
| r-devel-linux-x86_64-debian-clang | 0.38.3 | 11.22 | 134.23 | 145.45 | WARN | |
| r-devel-linux-x86_64-debian-gcc | 0.38.3 | 7.65 | 109.29 | 116.94 | WARN | |
| r-devel-linux-x86_64-fedora-clang | 0.38.3 | 57.00 | 172.71 | 229.71 | WARN | |
| r-devel-linux-x86_64-fedora-gcc | 0.38.3 | 66.00 | 162.01 | 228.01 | WARN | |
| r-devel-windows-x86_64 | 0.38.3 | 13.00 | 131.00 | 144.00 | WARN | |
| r-patched-linux-x86_64 | 0.38.3 | 12.13 | 126.62 | 138.75 | WARN | |
| r-release-linux-x86_64 | 0.38.3 | 11.84 | 128.84 | 140.68 | WARN | |
| r-release-macos-arm64 | 0.38.3 | 5.00 | 66.00 | 71.00 | OK | |
| r-release-macos-x86_64 | 0.38.3 | 8.00 | 102.00 | 110.00 | OK | |
| r-release-windows-x86_64 | 0.38.3 | 13.00 | 126.00 | 139.00 | WARN | |
| r-oldrel-macos-arm64 | 0.38.3 | 5.00 | 68.00 | 73.00 | OK | |
| r-oldrel-macos-x86_64 | 0.38.3 | 8.00 | 107.00 | 115.00 | OK | |
| r-oldrel-windows-x86_64 | 0.38.3 | 19.00 | 169.00 | 188.00 | WARN |
Version: 0.38.3
Check: whether package can be installed
Result: WARN
Found the following significant warnings:
Warning: The `size` argument of `element_line()` is deprecated as of ggplot2 3.4.0.
Flavors: r-devel-linux-x86_64-debian-clang, r-devel-linux-x86_64-debian-gcc, r-devel-linux-x86_64-fedora-clang, r-devel-linux-x86_64-fedora-gcc, r-devel-windows-x86_64, r-patched-linux-x86_64, r-release-linux-x86_64, r-release-windows-x86_64, r-oldrel-windows-x86_64