Last updated on 2025-06-30 07:49:20 CEST.
Flavor | Version | Tinstall | Tcheck | Ttotal | Status | Flags |
---|---|---|---|---|---|---|
r-devel-linux-x86_64-debian-clang | 0.4.2 | 26.23 | 35.97 | 62.20 | OK | |
r-devel-linux-x86_64-debian-gcc | 0.4.2 | 20.47 | 28.57 | 49.04 | OK | |
r-devel-linux-x86_64-fedora-clang | 0.4.2 | 112.87 | OK | |||
r-devel-linux-x86_64-fedora-gcc | 0.4.2 | 104.79 | OK | |||
r-devel-windows-x86_64 | 0.4.2 | 46.00 | 118.00 | 164.00 | OK | |
r-patched-linux-x86_64 | OK | |||||
r-release-linux-x86_64 | 0.4.2 | 27.07 | 33.22 | 60.29 | OK | |
r-release-macos-arm64 | 0.4.2 | 70.00 | OK | |||
r-release-macos-x86_64 | 0.4.2 | 84.00 | OK | |||
r-release-windows-x86_64 | 0.4.2 | 47.00 | 114.00 | 161.00 | OK | |
r-oldrel-macos-arm64 | 0.4.2 | 53.00 | OK | |||
r-oldrel-macos-x86_64 | 0.4.2 | 70.00 | OK | |||
r-oldrel-windows-x86_64 | 0.4.2 | 54.00 | 135.00 | 189.00 | NOTE |
Version: 0.4.2
Check: installed package size
Result: NOTE
installed size is 6.9Mb
sub-directories of 1Mb or more:
libs 6.7Mb
Flavor: r-oldrel-windows-x86_64