Last updated on 2024-05-09 07:56:46 CEST.
Flavor | Version | Tinstall | Tcheck | Ttotal | Status | Flags |
---|---|---|---|---|---|---|
r-devel-linux-x86_64-debian-clang | 0.5.5 | 596.08 | 273.80 | 869.88 | NOTE | |
r-devel-linux-x86_64-debian-gcc | 0.5.5 | 586.65 | 239.55 | 826.20 | NOTE | |
r-devel-linux-x86_64-fedora-clang | 0.5.5 | 1114.37 | NOTE | |||
r-devel-linux-x86_64-fedora-gcc | 0.5.5 | 1617.13 | NOTE | |||
r-devel-windows-x86_64 | 0.5.5 | 461.00 | 216.00 | 677.00 | NOTE | |
r-patched-linux-x86_64 | 0.5.5 | 0.02 | 2.60 | 2.62 | ERROR | |
r-release-linux-x86_64 | 0.5.5 | 0.02 | 2.59 | 2.61 | ERROR | |
r-release-macos-arm64 | 0.5.5 | 255.00 | NOTE | |||
r-release-windows-x86_64 | 0.5.5 | 481.00 | 214.00 | 695.00 | NOTE | |
r-oldrel-macos-arm64 | 0.5.5 | 262.00 | NOTE | |||
r-oldrel-macos-x86_64 | 0.5.5 | 374.00 | NOTE | |||
r-oldrel-windows-x86_64 | 0.5.5 | 616.00 | 271.00 | 887.00 | NOTE |
Version: 0.5.5
Check: Rd files
Result: NOTE
checkRd: (-1) simulate_gastempt.Rd:30: Lost braces; missing escapes or markup?
30 | \item{tempt_mean, tempt_std}{Mean and between record standard deviation of parameter $t_{empt}$, typically in minutes.}
| ^
Flavors: r-devel-linux-x86_64-debian-clang, r-devel-linux-x86_64-debian-gcc, r-devel-linux-x86_64-fedora-clang, r-devel-linux-x86_64-fedora-gcc, r-devel-windows-x86_64, r-release-macos-arm64, r-release-windows-x86_64
Version: 0.5.5
Check: for GNU extensions in Makefiles
Result: NOTE
GNU make is a SystemRequirements.
Flavors: r-devel-linux-x86_64-debian-clang, r-devel-linux-x86_64-debian-gcc, r-devel-linux-x86_64-fedora-clang, r-devel-linux-x86_64-fedora-gcc, r-devel-windows-x86_64, r-release-macos-arm64, r-release-windows-x86_64, r-oldrel-macos-arm64, r-oldrel-macos-x86_64, r-oldrel-windows-x86_64
Version: 0.5.5
Check: installed package size
Result: NOTE
installed size is 5.9Mb
sub-directories of 1Mb or more:
libs 5.4Mb
Flavors: r-devel-linux-x86_64-fedora-clang, r-release-macos-arm64, r-oldrel-macos-arm64, r-oldrel-macos-x86_64
Version: 0.5.5
Check: whether package can be installed
Result: ERROR
Installation failed.
Flavors: r-patched-linux-x86_64, r-release-linux-x86_64