Last updated on 2025-07-01 07:50:13 CEST.
Flavor | Version | Tinstall | Tcheck | Ttotal | Status | Flags |
---|---|---|---|---|---|---|
r-devel-linux-x86_64-debian-clang | 1.1.6 | 25.72 | 111.94 | 137.66 | NOTE | |
r-devel-linux-x86_64-debian-gcc | 1.1.6 | 18.67 | 80.67 | 99.34 | NOTE | |
r-devel-linux-x86_64-fedora-clang | 1.1.6 | 224.59 | OK | |||
r-devel-linux-x86_64-fedora-gcc | 1.1.6 | 217.07 | OK | |||
r-devel-windows-x86_64 | 1.1.6 | 31.00 | 179.00 | 210.00 | OK | |
r-patched-linux-x86_64 | OK | |||||
r-release-linux-x86_64 | 1.1.6 | 25.05 | 103.72 | 128.77 | OK | |
r-release-macos-arm64 | 1.1.6 | 89.00 | OK | |||
r-release-macos-x86_64 | 1.1.6 | 133.00 | OK | |||
r-release-windows-x86_64 | 1.1.6 | 31.00 | 172.00 | 203.00 | OK | |
r-oldrel-macos-arm64 | 1.1.6 | 60.00 | OK | |||
r-oldrel-macos-x86_64 | 1.1.6 | 112.00 | OK | |||
r-oldrel-windows-x86_64 | 1.1.6 | 38.00 | 238.00 | 276.00 | OK |
Version: 1.1.6
Check: CRAN incoming feasibility
Result: NOTE
Maintainer: ‘Fabien Navarro <fabien.navarro@math.cnrs.fr>’
The Description field contains
(2019) <arxiv:1906.01882>. The package also provides an interface to
Please refer to arXiv e-prints via their arXiv DOI <doi:10.48550/arXiv.YYMM.NNNNN>.
Flavors: r-devel-linux-x86_64-debian-clang, r-devel-linux-x86_64-debian-gcc