Last updated on 2025-06-30 07:49:20 CEST.
Flavor | Version | Tinstall | Tcheck | Ttotal | Status | Flags |
---|---|---|---|---|---|---|
r-devel-linux-x86_64-debian-clang | 1.6 | 24.71 | 255.78 | 280.49 | OK | |
r-devel-linux-x86_64-debian-gcc | 1.6 | 17.06 | 178.25 | 195.31 | OK | |
r-devel-linux-x86_64-fedora-clang | 1.6 | 406.31 | OK | |||
r-devel-linux-x86_64-fedora-gcc | 1.6 | 435.11 | OK | |||
r-devel-windows-x86_64 | 1.6 | 34.00 | 370.00 | 404.00 | OK | |
r-patched-linux-x86_64 | OK | |||||
r-release-linux-x86_64 | 1.6 | 23.34 | 243.97 | 267.31 | OK | |
r-release-macos-arm64 | 1.6 | 127.00 | OK | |||
r-release-macos-x86_64 | 1.6 | 369.00 | OK | |||
r-release-windows-x86_64 | 1.6 | 34.00 | 351.00 | 385.00 | OK | |
r-oldrel-macos-arm64 | 1.6 | 134.00 | NOTE | |||
r-oldrel-macos-x86_64 | 1.6 | 287.00 | NOTE | |||
r-oldrel-windows-x86_64 | 1.6 | 42.00 | 429.00 | 471.00 | NOTE |
Version: 1.6
Check: installed package size
Result: NOTE
installed size is 9.0Mb
sub-directories of 1Mb or more:
doc 7.4Mb
Flavors: r-oldrel-macos-arm64, r-oldrel-macos-x86_64, r-oldrel-windows-x86_64