Last updated on 2025-01-25 07:50:26 CET.
Flavor | Version | Tinstall | Tcheck | Ttotal | Status | Flags |
---|---|---|---|---|---|---|
r-devel-linux-x86_64-debian-clang | 0.3 | 31.67 | 74.27 | 105.94 | OK | |
r-devel-linux-x86_64-debian-gcc | 0.3 | 24.13 | 53.87 | 78.00 | OK | |
r-devel-linux-x86_64-fedora-clang | 0.3 | 179.33 | OK | |||
r-devel-linux-x86_64-fedora-gcc | 0.3 | 176.75 | OK | |||
r-devel-windows-x86_64 | 0.3 | 34.00 | 100.00 | 134.00 | OK | |
r-patched-linux-x86_64 | 0.3 | 34.07 | 67.74 | 101.81 | NOTE | |
r-release-linux-x86_64 | 0.3 | 33.55 | 68.11 | 101.66 | NOTE | |
r-release-macos-arm64 | 0.3 | 49.00 | NOTE | |||
r-release-macos-x86_64 | 0.3 | 92.00 | NOTE | |||
r-release-windows-x86_64 | 0.3 | 34.00 | 101.00 | 135.00 | NOTE | |
r-oldrel-macos-arm64 | 0.3 | 54.00 | NOTE | |||
r-oldrel-macos-x86_64 | 0.3 | 85.00 | NOTE | |||
r-oldrel-windows-x86_64 | 0.3 | 43.00 | 122.00 | 165.00 | NOTE |
Version: 0.3
Check: LazyData
Result: NOTE
'LazyData' is specified without a 'data' directory
Flavors: r-patched-linux-x86_64, r-release-linux-x86_64, r-release-macos-arm64, r-release-macos-x86_64, r-release-windows-x86_64, r-oldrel-macos-arm64, r-oldrel-macos-x86_64, r-oldrel-windows-x86_64