Last updated on 2024-07-26 07:51:51 CEST.
Flavor | Version | Tinstall | Tcheck | Ttotal | Status | Flags |
---|---|---|---|---|---|---|
r-devel-linux-x86_64-debian-clang | 2.1-12 | 29.25 | 238.01 | 267.26 | OK | |
r-devel-linux-x86_64-debian-gcc | 2.1-12 | 18.44 | 172.55 | 190.99 | NOTE | |
r-devel-linux-x86_64-fedora-clang | 2.1-12 | 330.23 | OK | |||
r-devel-linux-x86_64-fedora-gcc | 2.1-12 | 296.81 | OK | |||
r-devel-windows-x86_64 | 2.1-12 | 23.00 | 168.00 | 191.00 | NOTE | |
r-patched-linux-x86_64 | 2.1-12 | OK | ||||
r-release-linux-x86_64 | 2.1-12 | 16.57 | 221.57 | 238.14 | OK | |
r-release-macos-arm64 | 2.1-12 | 78.00 | OK | |||
r-release-macos-x86_64 | 2.1-12 | 165.00 | OK | |||
r-release-windows-x86_64 | 2.1-12 | 22.00 | 171.00 | 193.00 | OK | |
r-oldrel-macos-arm64 | 2.1-12 | 78.00 | OK | |||
r-oldrel-macos-x86_64 | 2.1-12 | 195.00 | OK | |||
r-oldrel-windows-x86_64 | 2.1-12 | 28.00 | 213.00 | 241.00 | OK |
Version: 2.1-12
Check: Rd cross-references
Result: NOTE
Found the following Rd file(s) with Rd \link{} targets missing package
anchors:
family_pdf.Rd: gamlss
fitted_cdf.Rd: gamlss
fitted_devianceIncr.Rd: gamlss
model_pca.Rd: gamlss
resid_plot.Rd: gamlss, plot.gamlss
Please provide package anchors for all Rd \link{} targets not in the
package itself and the base packages.
Flavors: r-devel-linux-x86_64-debian-gcc, r-devel-windows-x86_64