Last updated on 2025-02-22 07:51:31 CET.
Flavor | Version | Tinstall | Tcheck | Ttotal | Status | Flags |
---|---|---|---|---|---|---|
r-devel-linux-x86_64-debian-clang | 5.1-13 | 8.97 | 69.92 | 78.89 | NOTE | |
r-devel-linux-x86_64-debian-gcc | 5.1-13 | 5.79 | 52.71 | 58.50 | NOTE | |
r-devel-linux-x86_64-fedora-clang | 5.1-13 | 124.46 | OK | |||
r-devel-linux-x86_64-fedora-gcc | 5.1-13 | 116.91 | OK | |||
r-devel-macos-arm64 | 5.1-13 | 38.00 | OK | |||
r-devel-macos-x86_64 | 5.1-13 | 79.00 | OK | |||
r-devel-windows-x86_64 | 5.1-13 | 9.00 | 85.00 | 94.00 | NOTE | |
r-patched-linux-x86_64 | 5.1-13 | 10.76 | 67.03 | 77.79 | OK | |
r-release-linux-x86_64 | 5.1-13 | 7.52 | 65.91 | 73.43 | OK | |
r-release-macos-arm64 | 5.1-13 | 40.00 | OK | |||
r-release-macos-x86_64 | 5.1-13 | 56.00 | OK | |||
r-release-windows-x86_64 | 5.1-13 | 9.00 | 85.00 | 94.00 | OK | |
r-oldrel-macos-arm64 | 5.1-13 | 45.00 | OK | |||
r-oldrel-macos-x86_64 | 5.1-13 | 87.00 | OK | |||
r-oldrel-windows-x86_64 | 5.1-13 | 11.00 | 100.00 | 111.00 | OK |
Version: 5.1-13
Check: Rd cross-references
Result: NOTE
Found the following Rd file(s) with Rd \link{} targets missing package
anchors:
centilesTwo.Rd: centiles
Please provide package anchors for all Rd \link{} targets not in the
package itself and the base packages.
Flavors: r-devel-linux-x86_64-debian-clang, r-devel-linux-x86_64-debian-gcc, r-devel-windows-x86_64