Last updated on 2025-02-19 07:53:43 CET.
Flavor | Version | Tinstall | Tcheck | Ttotal | Status | Flags |
---|---|---|---|---|---|---|
r-devel-linux-x86_64-debian-clang | 0.62.5 | 5.22 | 133.81 | 139.03 | NOTE | |
r-devel-linux-x86_64-debian-gcc | 0.62.5 | 3.88 | 101.11 | 104.99 | NOTE | |
r-devel-linux-x86_64-fedora-clang | 0.62.5 | 219.38 | OK | |||
r-devel-linux-x86_64-fedora-gcc | 0.62.5 | 219.83 | OK | |||
r-devel-macos-arm64 | 0.62.5 | 96.00 | OK | |||
r-devel-macos-x86_64 | 0.62.5 | 197.00 | OK | |||
r-devel-windows-x86_64 | 0.62.5 | 7.00 | 154.00 | 161.00 | NOTE | |
r-patched-linux-x86_64 | 0.62.5 | 4.98 | 128.89 | 133.87 | OK | |
r-release-linux-x86_64 | 0.62.5 | 4.68 | 127.34 | 132.02 | OK | |
r-release-macos-arm64 | 0.62.5 | 85.00 | OK | |||
r-release-macos-x86_64 | 0.62.5 | 131.00 | OK | |||
r-release-windows-x86_64 | 0.62.5 | 7.00 | 153.00 | 160.00 | OK | |
r-oldrel-macos-arm64 | 0.62.5 | 84.00 | OK | |||
r-oldrel-macos-x86_64 | 0.62.5 | 195.00 | OK | |||
r-oldrel-windows-x86_64 | 0.62.5 | 9.00 | 174.00 | 183.00 | OK |
Version: 0.62.5
Check: Rd cross-references
Result: NOTE
Found the following Rd file(s) with Rd \link{} targets missing package
anchors:
CVgam.Rd: gam
addhlines.Rd: rpart, predict.rpart
gamRF.Rd: gam
Please provide package anchors for all Rd \link{} targets not in the
package itself and the base packages.
Flavors: r-devel-linux-x86_64-debian-clang, r-devel-linux-x86_64-debian-gcc, r-devel-windows-x86_64