Last updated on 2025-02-17 07:50:33 CET.
Flavor | Version | Tinstall | Tcheck | Ttotal | Status | Flags |
---|---|---|---|---|---|---|
r-devel-linux-x86_64-debian-clang | 1.7.2 | 4.97 | 66.80 | 71.77 | NOTE | |
r-devel-linux-x86_64-debian-gcc | 1.7.2 | 2.76 | 48.60 | 51.36 | NOTE | |
r-devel-linux-x86_64-fedora-clang | 1.7.2 | 118.04 | OK | |||
r-devel-linux-x86_64-fedora-gcc | 1.7.2 | 118.30 | OK | |||
r-devel-macos-arm64 | 1.7.2 | 37.00 | OK | |||
r-devel-macos-x86_64 | 1.7.2 | 68.00 | OK | |||
r-devel-windows-x86_64 | 1.7.2 | 7.00 | 87.00 | 94.00 | OK | |
r-patched-linux-x86_64 | 1.7.2 | 6.12 | 63.49 | 69.61 | OK | |
r-release-linux-x86_64 | 1.7.2 | 5.09 | 63.27 | 68.36 | OK | |
r-release-macos-arm64 | 1.7.2 | 56.00 | NOTE | |||
r-release-macos-x86_64 | 1.7.2 | 102.00 | NOTE | |||
r-release-windows-x86_64 | 1.7.2 | 7.00 | 87.00 | 94.00 | NOTE | |
r-oldrel-macos-arm64 | 1.7.2 | 57.00 | NOTE | |||
r-oldrel-macos-x86_64 | 1.7.2 | 98.00 | NOTE | |||
r-oldrel-windows-x86_64 | 1.7.2 | 6.00 | 94.00 | 100.00 | NOTE |
Version: 1.7.2
Check: for unstated dependencies in ‘demo’
Result: NOTE
'::' or ':::' import not declared from: ‘here’
'library' or 'require' calls not declared from:
‘dplyr’ ‘here’ ‘scales’ ‘tidyverse’
Flavors: r-devel-linux-x86_64-debian-clang, r-devel-linux-x86_64-debian-gcc
Version: 1.7.2
Check: installed package size
Result: NOTE
installed size is 6.1Mb
sub-directories of 1Mb or more:
doc 1.1Mb
help 4.6Mb
Flavors: r-release-macos-arm64, r-release-macos-x86_64, r-release-windows-x86_64, r-oldrel-macos-arm64, r-oldrel-macos-x86_64, r-oldrel-windows-x86_64