Last updated on 2025-11-08 07:50:11 CET.
| Flavor | Version | Tinstall | Tcheck | Ttotal | Status | Flags |
|---|---|---|---|---|---|---|
| r-devel-linux-x86_64-debian-clang | 1.0.0 | 166.29 | 158.67 | 324.96 | WARN | |
| r-devel-linux-x86_64-debian-gcc | 1.0.0 | 120.42 | 109.18 | 229.60 | WARN | |
| r-devel-linux-x86_64-fedora-clang | 1.1.0 | 660.00 | -80.51 | 579.49 | OK | |
| r-devel-linux-x86_64-fedora-gcc | 1.0.0 | 206.00 | 354.18 | 560.18 | WARN | |
| r-devel-windows-x86_64 | 1.0.0 | 191.00 | 169.00 | 360.00 | WARN | |
| r-patched-linux-x86_64 | 1.0.0 | 156.29 | 147.12 | 303.41 | WARN | |
| r-release-linux-x86_64 | 1.0.0 | 165.86 | 145.64 | 311.50 | WARN | |
| r-release-macos-arm64 | 1.1.0 | 56.00 | 73.00 | 129.00 | OK | |
| r-release-macos-x86_64 | 1.1.0 | 55.00 | 77.00 | 132.00 | OK | |
| r-release-windows-x86_64 | 1.1.0 | 173.00 | 163.00 | 336.00 | OK | |
| r-oldrel-macos-arm64 | 1.1.0 | 55.00 | 74.00 | 129.00 | NOTE | |
| r-oldrel-macos-x86_64 | 1.1.0 | 71.00 | 115.00 | 186.00 | NOTE | |
| r-oldrel-windows-x86_64 | 1.1.0 | 151.00 | 207.00 | 358.00 | NOTE |
Version: 1.0.0
Check: whether package can be installed
Result: WARN
Found the following significant warnings:
SobolDiss.cpp:16:8: warning: 'is_finite<arma::subview<double>>' is deprecated: change arma::is_finite(X) to X.is_finite() [-Wdeprecated-declarations]
probKMAImpl.cpp:749:19: warning: 'is_finite<double>' is deprecated: change arma::is_finite(val) to std::isfinite(val) [-Wdeprecated-declarations]
See ‘/home/hornik/tmp/R.check/r-devel-clang/Work/PKGS/funMoDisco.Rcheck/00install.out’ for details.
* used C++ compiler: ‘Debian clang version 19.1.7 (7)’
Flavor: r-devel-linux-x86_64-debian-clang
Version: 1.0.0
Check: whether package can be installed
Result: WARN
Found the following significant warnings:
SobolDiss.cpp:16:17: warning: ‘bool arma::is_finite(const Base<typename T1::elem_type, T1>&) [with T1 = subview<double>; typename T1::elem_type = double]’ is deprecated: change arma::is_finite(X) to X.is_finite() [-Wdeprecated-declarations]
probKMAImpl.cpp:749:28: warning: ‘bool arma::is_finite(eT, const typename arma_scalar_only<T>::result*) [with eT = double; typename arma_scalar_only<T>::result = double]’ is deprecated: change arma::is_finite(val) to std::isfinite(val) [-Wdeprecated-declarations]
See ‘/home/hornik/tmp/R.check/r-devel-gcc/Work/PKGS/funMoDisco.Rcheck/00install.out’ for details.
* used C++ compiler: ‘g++-15 (Debian 15.2.0-7) 15.2.0’
Flavor: r-devel-linux-x86_64-debian-gcc
Version: 1.0.0
Check: whether package can be installed
Result: WARN
Found the following significant warnings:
SobolDiss.cpp:16:17: warning: ‘bool arma::is_finite(const Base<typename T1::elem_type, T1>&) [with T1 = subview<double>; typename T1::elem_type = double]’ is deprecated: change arma::is_finite(X) to X.is_finite() [-Wdeprecated-declarations]
probKMAImpl.cpp:749:28: warning: ‘bool arma::is_finite(eT, const typename arma_scalar_only<T>::result*) [with eT = double; typename arma_scalar_only<T>::result = double]’ is deprecated: change arma::is_finite(val) to std::isfinite(val) [-Wdeprecated-declarations]
See ‘/data/gannet/ripley/R/packages/tests-devel/funMoDisco.Rcheck/00install.out’ for details.
* used C++ compiler: ‘g++ (GCC) 15.1.1 20250521 (Red Hat 15.1.1-2)’
Flavor: r-devel-linux-x86_64-fedora-gcc
Version: 1.0.0
Check: whether package can be installed
Result: WARN
Found the following significant warnings:
SobolDiss.cpp:16:17: warning: 'bool arma::is_finite(const Base<typename T1::elem_type, T1>&) [with T1 = subview<double>; typename T1::elem_type = double]' is deprecated: change arma::is_finite(X) to X.is_finite() [-Wdeprecated-declarations]
probKMAImpl.cpp:749:28: warning: 'bool arma::is_finite(eT, const typename arma_scalar_only<eT>::result*) [with eT = double; typename arma_scalar_only<eT>::result = double]' is deprecated: change arma::is_finite(val) to std::isfinite(val) [-Wdeprecated-declarations]
See 'd:/Rcompile/CRANpkg/local/4.6/funMoDisco.Rcheck/00install.out' for details.
* used C++ compiler: 'g++.exe (GCC) 14.3.0'
Flavor: r-devel-windows-x86_64
Version: 1.0.0
Check: whether package can be installed
Result: WARN
Found the following significant warnings:
SobolDiss.cpp:16:17: warning: ‘bool arma::is_finite(const Base<typename T1::elem_type, T1>&) [with T1 = subview<double>; typename T1::elem_type = double]’ is deprecated: change arma::is_finite(X) to X.is_finite() [-Wdeprecated-declarations]
probKMAImpl.cpp:749:28: warning: ‘bool arma::is_finite(eT, const typename arma_scalar_only<eT>::result*) [with eT = double; typename arma_scalar_only<eT>::result = double]’ is deprecated: change arma::is_finite(val) to std::isfinite(val) [-Wdeprecated-declarations]
See ‘/home/hornik/tmp/R.check/r-patched-gcc/Work/PKGS/funMoDisco.Rcheck/00install.out’ for details.
* used C++ compiler: ‘g++-14 (Debian 14.3.0-10) 14.3.0’
Flavor: r-patched-linux-x86_64
Version: 1.0.0
Check: whether package can be installed
Result: WARN
Found the following significant warnings:
SobolDiss.cpp:16:17: warning: ‘bool arma::is_finite(const Base<typename T1::elem_type, T1>&) [with T1 = subview<double>; typename T1::elem_type = double]’ is deprecated: change arma::is_finite(X) to X.is_finite() [-Wdeprecated-declarations]
probKMAImpl.cpp:749:28: warning: ‘bool arma::is_finite(eT, const typename arma_scalar_only<eT>::result*) [with eT = double; typename arma_scalar_only<eT>::result = double]’ is deprecated: change arma::is_finite(val) to std::isfinite(val) [-Wdeprecated-declarations]
See ‘/home/hornik/tmp/R.check/r-release-gcc/Work/PKGS/funMoDisco.Rcheck/00install.out’ for details.
* used C++ compiler: ‘g++-14 (Debian 14.3.0-10) 14.3.0’
Flavor: r-release-linux-x86_64
Version: 1.1.0
Check: installed package size
Result: NOTE
installed size is 15.2Mb
sub-directories of 1Mb or more:
data 4.4Mb
libs 10.0Mb
Flavors: r-oldrel-macos-arm64, r-oldrel-macos-x86_64, r-oldrel-windows-x86_64