Last updated on 2025-02-11 07:48:23 CET.
Flavor | Version | Tinstall | Tcheck | Ttotal | Status | Flags |
---|---|---|---|---|---|---|
r-devel-linux-x86_64-debian-clang | 0.1.3 | 1.70 | 17.21 | 18.91 | OK | |
r-devel-linux-x86_64-debian-gcc | 0.1.3 | 1.46 | 14.54 | 16.00 | OK | |
r-devel-linux-x86_64-fedora-clang | 0.1.3 | 31.18 | NOTE | |||
r-devel-linux-x86_64-fedora-gcc | 0.1.3 | 29.78 | NOTE | |||
r-devel-windows-x86_64 | 0.1.3 | 2.00 | 40.00 | 42.00 | OK | |
r-patched-linux-x86_64 | 0.1.3 | 1.50 | 16.65 | 18.15 | OK | |
r-release-linux-x86_64 | 0.1.3 | 1.60 | 16.67 | 18.27 | OK | |
r-release-macos-arm64 | 0.1.3 | 15.00 | OK | |||
r-release-macos-x86_64 | 0.1.3 | 20.00 | OK | |||
r-release-windows-x86_64 | 0.1.3 | 2.00 | 38.00 | 40.00 | OK | |
r-oldrel-macos-arm64 | 0.1.3 | 15.00 | OK | |||
r-oldrel-macos-x86_64 | 0.1.3 | 19.00 | OK | |||
r-oldrel-windows-x86_64 | 0.1.3 | 3.00 | 39.00 | 42.00 | OK |
Version: 0.1.3
Check: dependencies in R code
Result: NOTE
Namespace in Imports field not imported from: ‘utils’
All declared Imports should be used.
Flavors: r-devel-linux-x86_64-fedora-clang, r-devel-linux-x86_64-fedora-gcc