Last updated on 2024-05-11 07:51:31 CEST.
Flavor | Version | Tinstall | Tcheck | Ttotal | Status | Flags |
---|---|---|---|---|---|---|
r-devel-linux-x86_64-debian-clang | 0.1.3 | 23.90 | 43.88 | 67.78 | NOTE | |
r-devel-linux-x86_64-debian-gcc | 0.1.3 | 14.40 | 33.87 | 48.27 | NOTE | |
r-devel-linux-x86_64-fedora-clang | 0.1.3 | 91.46 | NOTE | |||
r-devel-linux-x86_64-fedora-gcc | 0.1.3 | 143.80 | NOTE | |||
r-devel-windows-x86_64 | 0.1.3 | 18.00 | 72.00 | 90.00 | NOTE | |
r-patched-linux-x86_64 | 0.1.3 | 19.76 | 41.29 | 61.05 | NOTE | |
r-release-linux-x86_64 | 0.1.3 | 19.37 | 42.17 | 61.54 | NOTE | |
r-release-macos-arm64 | 0.1.3 | 32.00 | NOTE | |||
r-release-windows-x86_64 | 0.1.3 | 18.00 | 70.00 | 88.00 | NOTE | |
r-oldrel-macos-arm64 | 0.1.3 | 34.00 | NOTE | |||
r-oldrel-macos-x86_64 | 0.1.3 | 52.00 | NOTE | |||
r-oldrel-windows-x86_64 | 0.1.3 | 20.00 | 76.00 | 96.00 | NOTE |
Version: 0.1.3
Check: LazyData
Result: NOTE
'LazyData' is specified without a 'data' directory
Flavors: r-devel-linux-x86_64-debian-clang, r-devel-linux-x86_64-debian-gcc, r-devel-linux-x86_64-fedora-clang, r-devel-linux-x86_64-fedora-gcc, r-devel-windows-x86_64, r-patched-linux-x86_64, r-release-linux-x86_64, r-release-macos-arm64, r-release-windows-x86_64, r-oldrel-macos-arm64, r-oldrel-macos-x86_64, r-oldrel-windows-x86_64
Version: 0.1.3
Check: compiled code
Result: NOTE
File ‘fractional/libs/fractional.so’:
Found no calls to: ‘R_registerRoutines’, ‘R_useDynamicSymbols’
It is good practice to register native routines and to disable symbol
search.
See ‘Writing portable packages’ in the ‘Writing R Extensions’ manual.
Flavors: r-devel-linux-x86_64-fedora-clang, r-devel-linux-x86_64-fedora-gcc