Last updated on 2025-05-09 07:50:55 CEST.
Flavor | Version | Tinstall | Tcheck | Ttotal | Status | Flags |
---|---|---|---|---|---|---|
r-devel-linux-x86_64-debian-clang | 2.5 | 6.04 | 42.89 | 48.93 | NOTE | |
r-devel-linux-x86_64-debian-gcc | 2.5 | 4.09 | 29.13 | 33.22 | NOTE | |
r-devel-linux-x86_64-fedora-clang | 2.5 | 75.31 | OK | |||
r-devel-linux-x86_64-fedora-gcc | 2.5 | 72.86 | OK | |||
r-devel-windows-x86_64 | 2.5 | 6.00 | 58.00 | 64.00 | OK | |
r-patched-linux-x86_64 | 2.5 | 6.58 | 39.91 | 46.49 | OK | |
r-release-linux-x86_64 | 2.5 | 5.71 | 40.36 | 46.07 | OK | |
r-release-macos-arm64 | 2.5 | 24.00 | OK | |||
r-release-macos-x86_64 | 2.5 | 43.00 | OK | |||
r-release-windows-x86_64 | 2.5 | 6.00 | 63.00 | 69.00 | OK | |
r-oldrel-macos-arm64 | 2.5 | 23.00 | OK | |||
r-oldrel-macos-x86_64 | 2.5 | 35.00 | OK | |||
r-oldrel-windows-x86_64 | 2.5 | 7.00 | 57.00 | 64.00 | OK |
Version: 2.5
Check: CRAN incoming feasibility
Result: NOTE
Maintainer: ‘Juan J. Serrano-Perez <jjserra@ugr.es>’
No Authors@R field in DESCRIPTION.
Please add one, modifying
Authors@R: c(person(given = "Patricia",
family = "Roman-Roman",
role = "aut"),
person(given = c("Juan", "J."),
family = "Serrano-Perez",
role = c("aut", "cre"),
email = "jjserra@ugr.es"),
person(given = "Francisco",
family = "Torres-Ruiz.",
role = "aut"))
as necessary.
Flavors: r-devel-linux-x86_64-debian-clang, r-devel-linux-x86_64-debian-gcc