Last updated on 2024-07-26 07:51:51 CEST.
Flavor | Version | Tinstall | Tcheck | Ttotal | Status | Flags |
---|---|---|---|---|---|---|
r-devel-linux-x86_64-debian-clang | 1.0.5 | 20.44 | 483.55 | 503.99 | OK | |
r-devel-linux-x86_64-debian-gcc | 1.0.5 | 13.85 | 403.48 | 417.33 | OK | |
r-devel-linux-x86_64-fedora-clang | 1.0.5 | 621.75 | NOTE | |||
r-devel-linux-x86_64-fedora-gcc | 1.0.5 | 592.51 | NOTE | |||
r-devel-windows-x86_64 | 1.0.5 | 17.00 | 370.00 | 387.00 | OK | |
r-patched-linux-x86_64 | 1.0.5 | OK | ||||
r-release-linux-x86_64 | 1.0.5 | 15.16 | 492.07 | 507.23 | OK | |
r-release-macos-arm64 | 1.0.5 | 192.00 | OK | |||
r-release-macos-x86_64 | 1.0.5 | 534.00 | OK | |||
r-release-windows-x86_64 | 1.0.5 | 14.00 | 384.00 | 398.00 | OK | |
r-oldrel-macos-arm64 | 1.0.5 | 264.00 | OK | |||
r-oldrel-macos-x86_64 | 1.0.5 | 603.00 | OK | |||
r-oldrel-windows-x86_64 | 1.0.5 | 20.00 | 459.00 | 479.00 | OK |
Version: 1.0.5
Check: data for non-ASCII characters
Result: NOTE
Note: found 32 marked UTF-8 strings
Flavors: r-devel-linux-x86_64-fedora-clang, r-devel-linux-x86_64-fedora-gcc