Last updated on 2025-02-19 07:53:43 CET.
Flavor | Version | Tinstall | Tcheck | Ttotal | Status | Flags |
---|---|---|---|---|---|---|
r-devel-linux-x86_64-debian-clang | 0.2.1 | 3.48 | 42.87 | 46.35 | OK | |
r-devel-linux-x86_64-debian-gcc | 0.2.1 | 2.55 | 32.61 | 35.16 | OK | |
r-devel-linux-x86_64-fedora-clang | 0.2.1 | 77.46 | OK | |||
r-devel-linux-x86_64-fedora-gcc | 0.2.1 | 85.25 | OK | |||
r-devel-macos-arm64 | 0.2.1 | 33.00 | OK | |||
r-devel-macos-x86_64 | 0.2.1 | 57.00 | OK | |||
r-devel-windows-x86_64 | 0.2.1 | 5.00 | 70.00 | 75.00 | OK | |
r-patched-linux-x86_64 | 0.2.1 | 3.96 | 40.86 | 44.82 | NOTE | |
r-release-linux-x86_64 | 0.2.1 | 2.69 | 40.63 | 43.32 | NOTE | |
r-release-macos-arm64 | 0.2.1 | 32.00 | NOTE | |||
r-release-macos-x86_64 | 0.2.1 | 48.00 | NOTE | |||
r-release-windows-x86_64 | 0.2.1 | 6.00 | 70.00 | 76.00 | NOTE | |
r-oldrel-macos-arm64 | 0.2.1 | 34.00 | NOTE | |||
r-oldrel-macos-x86_64 | 0.2.1 | 51.00 | NOTE | |||
r-oldrel-windows-x86_64 | 0.2.1 | 6.00 | 94.00 | 100.00 | NOTE |
Version: 0.2.1
Check: LazyData
Result: NOTE
'LazyData' is specified without a 'data' directory
Flavors: r-patched-linux-x86_64, r-release-linux-x86_64, r-release-macos-arm64, r-release-macos-x86_64, r-release-windows-x86_64, r-oldrel-macos-arm64, r-oldrel-macos-x86_64, r-oldrel-windows-x86_64