Last updated on 2024-05-11 07:51:30 CEST.
Flavor | Version | Tinstall | Tcheck | Ttotal | Status | Flags |
---|---|---|---|---|---|---|
r-devel-linux-x86_64-debian-clang | 0.3-0.1 | 7.27 | 58.82 | 66.09 | NOTE | |
r-devel-linux-x86_64-debian-gcc | 0.3-0.1 | 5.37 | 41.82 | 47.19 | NOTE | |
r-devel-linux-x86_64-fedora-clang | 0.3-0.1 | 82.18 | NOTE | |||
r-devel-linux-x86_64-fedora-gcc | 0.3-0.1 | 83.84 | NOTE | |||
r-devel-windows-x86_64 | 0.3-0.1 | 7.00 | 66.00 | 73.00 | OK | |
r-patched-linux-x86_64 | 0.3-0.1 | 7.49 | 53.93 | 61.42 | NOTE | |
r-release-linux-x86_64 | 0.3-0.1 | 5.42 | 53.59 | 59.01 | NOTE | |
r-release-macos-arm64 | 0.3-0.1 | 24.00 | OK | |||
r-release-windows-x86_64 | 0.3-0.1 | 7.00 | 66.00 | 73.00 | OK | |
r-oldrel-macos-arm64 | 0.3-0.1 | 25.00 | OK | |||
r-oldrel-macos-x86_64 | 0.3-0.1 | 38.00 | OK | |||
r-oldrel-windows-x86_64 | 0.3-0.1 | 7.00 | 71.00 | 78.00 | OK |
Version: 0.3-0.1
Check: for non-standard things in the check directory
Result: NOTE
Found the following files/directories:
‘flux.CH4.txt’
Flavors: r-devel-linux-x86_64-debian-clang, r-devel-linux-x86_64-debian-gcc, r-devel-linux-x86_64-fedora-clang, r-devel-linux-x86_64-fedora-gcc, r-patched-linux-x86_64, r-release-linux-x86_64
Version: 0.3-0.1
Check: Rd cross-references
Result: NOTE
Undeclared package ‘HMR’ in Rd xrefs
Flavor: r-devel-linux-x86_64-fedora-clang