Last updated on 2025-02-17 07:50:33 CET.
Flavor | Version | Tinstall | Tcheck | Ttotal | Status | Flags |
---|---|---|---|---|---|---|
r-devel-linux-x86_64-debian-clang | 3.2 | 12.39 | 45.62 | 58.01 | NOTE | |
r-devel-linux-x86_64-debian-gcc | 3.2 | 11.11 | 29.89 | 41.00 | NOTE | |
r-devel-linux-x86_64-fedora-clang | 3.2 | 101.00 | NOTE | |||
r-devel-linux-x86_64-fedora-gcc | 3.2 | 95.25 | NOTE | |||
r-devel-macos-arm64 | 3.2 | 26.00 | NOTE | |||
r-devel-macos-x86_64 | 3.2 | 49.00 | NOTE | |||
r-devel-windows-x86_64 | 3.2 | 14.00 | 80.00 | 94.00 | NOTE | |
r-patched-linux-x86_64 | 3.2 | 15.11 | 42.62 | 57.73 | NOTE | |
r-release-linux-x86_64 | 3.2 | 13.82 | 42.60 | 56.42 | NOTE | |
r-release-macos-arm64 | 3.2 | 30.00 | NOTE | |||
r-release-macos-x86_64 | 3.2 | 45.00 | NOTE | |||
r-release-windows-x86_64 | 3.2 | 16.00 | 79.00 | 95.00 | NOTE | |
r-oldrel-macos-arm64 | 3.2 | 32.00 | OK | |||
r-oldrel-macos-x86_64 | 3.2 | 52.00 | OK | |||
r-oldrel-windows-x86_64 | 3.2 | 17.00 | 83.00 | 100.00 | OK |
Version: 3.2
Check: Rd files
Result: NOTE
checkRd: (-1) summary.flamcv.rd:8: Lost braces
8 | This function summarizes a call to code{\link{flamCV}} and identifies the tuning parameter chosen by cross-validation.
| ^
Flavors: r-devel-linux-x86_64-debian-clang, r-devel-linux-x86_64-debian-gcc, r-devel-linux-x86_64-fedora-clang, r-devel-linux-x86_64-fedora-gcc, r-devel-macos-arm64, r-devel-macos-x86_64, r-devel-windows-x86_64, r-patched-linux-x86_64, r-release-linux-x86_64, r-release-macos-arm64, r-release-macos-x86_64, r-release-windows-x86_64