Last updated on 2025-02-07 07:49:06 CET.
Flavor | Version | Tinstall | Tcheck | Ttotal | Status | Flags |
---|---|---|---|---|---|---|
r-devel-linux-x86_64-debian-clang | 0.2.0 | 5.78 | 54.46 | 60.24 | OK | |
r-devel-linux-x86_64-debian-gcc | 0.2.0 | 5.07 | 39.01 | 44.08 | OK | |
r-devel-linux-x86_64-fedora-clang | 0.2.0 | 102.57 | OK | |||
r-devel-linux-x86_64-fedora-gcc | 0.2.0 | 93.91 | OK | |||
r-devel-windows-x86_64 | 0.2.0 | 8.00 | 69.00 | 77.00 | OK | |
r-patched-linux-x86_64 | 0.2.0 | 5.89 | 49.32 | 55.21 | NOTE | |
r-release-linux-x86_64 | 0.2.0 | 5.80 | 49.87 | 55.67 | NOTE | |
r-release-macos-arm64 | 0.2.0 | 28.00 | NOTE | |||
r-release-macos-x86_64 | 0.2.0 | 45.00 | NOTE | |||
r-release-windows-x86_64 | 0.2.0 | 7.00 | 69.00 | 76.00 | NOTE | |
r-oldrel-macos-arm64 | 0.2.0 | 34.00 | NOTE | |||
r-oldrel-macos-x86_64 | 0.2.0 | 46.00 | NOTE | |||
r-oldrel-windows-x86_64 | 0.2.0 | 10.00 | 79.00 | 89.00 | NOTE |
Version: 0.2.0
Check: package dependencies
Result: NOTE
Packages suggested but not available for checking:
'nCDunnett', 'reliaR', 'STAR'
Flavors: r-patched-linux-x86_64, r-release-linux-x86_64, r-release-macos-arm64, r-release-macos-x86_64
Version: 0.2.0
Check: package dependencies
Result: NOTE
Packages suggested but not available for checking: 'reliaR', 'STAR'
Flavors: r-release-windows-x86_64, r-oldrel-windows-x86_64
Version: 0.2.0
Check: package dependencies
Result: NOTE
Packages suggested but not available for checking:
'benchden', 'reliaR', 'STAR'
Flavors: r-oldrel-macos-arm64, r-oldrel-macos-x86_64