CRAN Package Check Results for Package fitbitViz

Last updated on 2025-06-30 07:49:20 CEST.

Flavor Version Tinstall Tcheck Ttotal Status Flags
r-devel-linux-x86_64-debian-clang 1.0.7 49.13 395.32 444.45 OK
r-devel-linux-x86_64-debian-gcc 1.0.7 35.80 265.54 301.34 OK
r-devel-linux-x86_64-fedora-clang 1.0.7 710.88 OK
r-devel-linux-x86_64-fedora-gcc 1.0.7 668.60 OK
r-devel-windows-x86_64 1.0.7 42.00 304.00 346.00 OK
r-patched-linux-x86_64 OK
r-release-linux-x86_64 1.0.7 48.55 374.70 423.25 OK
r-release-macos-arm64 1.0.7 121.00 OK
r-release-macos-x86_64 1.0.7 190.00 OK
r-release-windows-x86_64 1.0.7 40.00 301.00 341.00 OK
r-oldrel-macos-arm64 1.0.7 146.00 NOTE
r-oldrel-macos-x86_64 1.0.7 211.00 NOTE
r-oldrel-windows-x86_64 1.0.7 58.00 405.00 463.00 NOTE

Check Details

Version: 1.0.7
Check: installed package size
Result: NOTE installed size is 5.6Mb sub-directories of 1Mb or more: doc 4.0Mb Flavors: r-oldrel-macos-arm64, r-oldrel-macos-x86_64, r-oldrel-windows-x86_64