Last updated on 2025-02-17 07:50:33 CET.
Flavor | Version | Tinstall | Tcheck | Ttotal | Status | Flags |
---|---|---|---|---|---|---|
r-devel-linux-x86_64-debian-clang | 0.2.0 | 1.52 | 32.30 | 33.82 | OK | |
r-devel-linux-x86_64-debian-gcc | 0.2.0 | 1.24 | 25.15 | 26.39 | OK | |
r-devel-linux-x86_64-fedora-clang | 0.2.0 | 54.57 | OK | |||
r-devel-linux-x86_64-fedora-gcc | 0.2.0 | 65.39 | OK | |||
r-devel-macos-arm64 | 0.2.0 | 63.00 | OK | |||
r-devel-macos-x86_64 | 0.2.0 | 118.00 | OK | |||
r-devel-windows-x86_64 | 0.2.0 | 2.00 | 111.00 | 113.00 | ERROR | |
r-patched-linux-x86_64 | 0.2.0 | 1.58 | 30.85 | 32.43 | OK | |
r-release-linux-x86_64 | 0.2.0 | 1.37 | 30.63 | 32.00 | OK | |
r-release-macos-arm64 | 0.2.0 | 57.00 | OK | |||
r-release-macos-x86_64 | 0.2.0 | 106.00 | OK | |||
r-release-windows-x86_64 | 0.2.0 | 2.00 | 108.00 | 110.00 | ERROR | |
r-oldrel-macos-arm64 | 0.2.0 | 120.00 | OK | |||
r-oldrel-macos-x86_64 | 0.2.0 | 92.00 | OK | |||
r-oldrel-windows-x86_64 | 0.2.0 | 3.00 | 117.00 | 120.00 | ERROR |
Version: 0.2.0
Check: tests
Result: ERROR
Running 'testthat.R' [64s]
Running the tests in 'tests/testthat.R' failed.
Complete output:
> library(testthat)
> library(findPackage)
>
> test_check("findPackage")
[ FAIL 1 | WARN 1 | SKIP 0 | PASS 7 ]
══ Failed tests ════════════════════════════════════════════════════════════════
── Error ('test-findPackage.R:37:3'): errors ───────────────────────────────────
Error in `readRDS(con)`: cannot read from connection
Backtrace:
▆
1. ├─testthat::expect_equal(nrow(findPackage("SEM")) > 0, TRUE) at test-findPackage.R:37:3
2. │ └─testthat::quasi_label(enquo(object), label, arg = "object")
3. │ └─rlang::eval_bare(expr, quo_get_env(quo))
4. ├─base::nrow(findPackage("SEM"))
5. └─findPackage::findPackage("SEM")
6. └─tools::CRAN_package_db()
7. ├─base::as.data.frame(...)
8. └─tools:::read_CRAN_object(CRAN_baseurl_for_web_area(), "web/packages/packages.rds")
9. └─base::readRDS(con)
[ FAIL 1 | WARN 1 | SKIP 0 | PASS 7 ]
Error: Test failures
Execution halted
Flavors: r-devel-windows-x86_64, r-oldrel-windows-x86_64
Version: 0.2.0
Check: tests
Result: ERROR
Running 'testthat.R' [61s]
Running the tests in 'tests/testthat.R' failed.
Complete output:
> library(testthat)
> library(findPackage)
>
> test_check("findPackage")
[ FAIL 1 | WARN 1 | SKIP 0 | PASS 5 ]
══ Failed tests ════════════════════════════════════════════════════════════════
── Error ('test-findPackage.R:27:3'): errors ───────────────────────────────────
Error in `readRDS(con)`: cannot read from connection
Backtrace:
▆
1. ├─testthat::expect_equal(...) at test-findPackage.R:27:3
2. │ └─testthat::quasi_label(enquo(object), label, arg = "object")
3. │ └─rlang::eval_bare(expr, quo_get_env(quo))
4. ├─base::nrow(findPackage("MCDA", sortOrder = "D"))
5. └─findPackage::findPackage("MCDA", sortOrder = "D")
6. └─tools::CRAN_package_db()
7. ├─base::as.data.frame(...)
8. └─tools:::read_CRAN_object(CRAN_baseurl_for_web_area(), "web/packages/packages.rds")
9. └─base::readRDS(con)
[ FAIL 1 | WARN 1 | SKIP 0 | PASS 5 ]
Error: Test failures
Execution halted
Flavor: r-release-windows-x86_64