Last updated on 2025-02-06 07:50:34 CET.
Flavor | Version | Tinstall | Tcheck | Ttotal | Status | Flags |
---|---|---|---|---|---|---|
r-devel-linux-x86_64-debian-clang | 1.1.14 | 5.53 | 89.04 | 94.57 | NOTE | |
r-devel-linux-x86_64-debian-gcc | 1.1.14 | 4.02 | 56.66 | 60.68 | NOTE | |
r-devel-linux-x86_64-fedora-clang | 1.1.14 | 156.76 | OK | |||
r-devel-linux-x86_64-fedora-gcc | 1.1.14 | 144.36 | OK | |||
r-devel-windows-x86_64 | 1.1.14 | 8.00 | 105.00 | 113.00 | NOTE | |
r-patched-linux-x86_64 | 1.1.14 | 12.08 | 82.05 | 94.13 | NOTE | |
r-release-linux-x86_64 | 1.1.14 | 4.90 | 82.08 | 86.98 | NOTE | |
r-release-macos-arm64 | 1.1.14 | 46.00 | NOTE | |||
r-release-macos-x86_64 | 1.1.14 | 62.00 | NOTE | |||
r-release-windows-x86_64 | 1.1.14 | 7.00 | 105.00 | 112.00 | NOTE | |
r-oldrel-macos-arm64 | 1.1.14 | 44.00 | NOTE | |||
r-oldrel-macos-x86_64 | 1.1.14 | 71.00 | NOTE | |||
r-oldrel-windows-x86_64 | 1.1.14 | 8.00 | 126.00 | 134.00 | NOTE |
Version: 1.1.14
Check: Rd cross-references
Result: NOTE
Found the following Rd file(s) with Rd \link{} targets missing package
anchors:
abundance.Rd: group_by
Please provide package anchors for all Rd \link{} targets not in the
package itself and the base packages.
Flavors: r-devel-linux-x86_64-debian-clang, r-devel-linux-x86_64-debian-gcc, r-devel-windows-x86_64
Version: 1.1.14
Check: LazyData
Result: NOTE
'LazyData' is specified without a 'data' directory
Flavors: r-patched-linux-x86_64, r-release-linux-x86_64, r-release-macos-arm64, r-release-macos-x86_64, r-release-windows-x86_64, r-oldrel-macos-arm64, r-oldrel-macos-x86_64, r-oldrel-windows-x86_64