Last updated on 2025-10-23 07:49:44 CEST.
Flavor | Version | Tinstall | Tcheck | Ttotal | Status | Flags |
---|---|---|---|---|---|---|
r-devel-linux-x86_64-debian-clang | 0.1.1 | 61.56 | 103.97 | 165.53 | OK | |
r-devel-linux-x86_64-debian-gcc | 0.1.1 | 46.53 | 76.68 | 123.21 | OK | |
r-devel-linux-x86_64-fedora-clang | 0.1.1 | 115.00 | 151.77 | 266.77 | OK | |
r-devel-linux-x86_64-fedora-gcc | 0.1.1 | 101.00 | 164.33 | 265.33 | OK | |
r-devel-windows-x86_64 | 0.1.1 | 62.00 | 116.00 | 178.00 | OK | |
r-patched-linux-x86_64 | 0.1.1 | 60.55 | 99.76 | 160.31 | OK | |
r-release-linux-x86_64 | 0.1.1 | 61.50 | 99.99 | 161.49 | OK | |
r-release-macos-arm64 | 0.1.1 | 25.00 | 40.00 | 65.00 | OK | |
r-release-macos-x86_64 | 0.1.1 | 41.00 | 70.00 | 111.00 | OK | |
r-release-windows-x86_64 | 0.1.1 | 69.00 | 116.00 | 185.00 | OK | |
r-oldrel-macos-arm64 | 0.1.1 | 25.00 | 38.00 | 63.00 | NOTE | |
r-oldrel-macos-x86_64 | 0.1.1 | 36.00 | 52.00 | 88.00 | NOTE | |
r-oldrel-windows-x86_64 | 0.1.1 | 75.00 | 153.00 | 228.00 | OK |
Version: 0.1.1
Check: installed package size
Result: NOTE
installed size is 17.0Mb
sub-directories of 1Mb or more:
libs 16.9Mb
Flavors: r-oldrel-macos-arm64, r-oldrel-macos-x86_64