Last updated on 2025-02-17 07:50:33 CET.
Flavor | Version | Tinstall | Tcheck | Ttotal | Status | Flags |
---|---|---|---|---|---|---|
r-devel-linux-x86_64-debian-clang | 0.1.3 | 26.05 | 46.18 | 72.23 | OK | |
r-devel-linux-x86_64-debian-gcc | 0.1.3 | 18.43 | 34.92 | 53.35 | OK | |
r-devel-linux-x86_64-fedora-clang | 0.1.3 | 127.50 | OK | |||
r-devel-linux-x86_64-fedora-gcc | 0.1.3 | 118.85 | OK | |||
r-devel-macos-arm64 | 0.1.3 | 39.00 | OK | |||
r-devel-macos-x86_64 | 0.1.3 | 68.00 | OK | |||
r-devel-windows-x86_64 | 0.1.3 | 26.00 | 87.00 | 113.00 | OK | |
r-patched-linux-x86_64 | 0.1.3 | 21.44 | 47.11 | 68.55 | OK | |
r-release-linux-x86_64 | 0.1.3 | 22.52 | 47.61 | 70.13 | OK | |
r-release-macos-arm64 | 0.1.3 | 36.00 | NOTE | |||
r-release-macos-x86_64 | 0.1.3 | 89.00 | NOTE | |||
r-release-windows-x86_64 | 0.1.3 | 26.00 | 84.00 | 110.00 | OK | |
r-oldrel-macos-arm64 | 0.1.3 | 39.00 | NOTE | |||
r-oldrel-macos-x86_64 | 0.1.3 | 81.00 | NOTE | |||
r-oldrel-windows-x86_64 | 0.1.3 | 34.00 | 100.00 | 134.00 | OK |
Version: 0.1.3
Check: installed package size
Result: NOTE
installed size is 6.6Mb
sub-directories of 1Mb or more:
libs 6.4Mb
Flavors: r-release-macos-arm64, r-release-macos-x86_64, r-oldrel-macos-arm64, r-oldrel-macos-x86_64