Last updated on 2024-05-11 07:51:30 CEST.
Flavor | Version | Tinstall | Tcheck | Ttotal | Status | Flags |
---|---|---|---|---|---|---|
r-devel-linux-x86_64-debian-clang | 1.0 | 7.63 | 102.79 | 110.42 | NOTE | |
r-devel-linux-x86_64-debian-gcc | 1.0 | 8.52 | 76.58 | 85.10 | NOTE | |
r-devel-linux-x86_64-fedora-clang | 1.0 | 150.55 | NOTE | |||
r-devel-linux-x86_64-fedora-gcc | 1.0 | 208.67 | NOTE | |||
r-devel-windows-x86_64 | 1.0 | 9.00 | 87.00 | 96.00 | NOTE | |
r-patched-linux-x86_64 | 1.0 | 11.43 | 96.99 | 108.42 | NOTE | |
r-release-linux-x86_64 | 1.0 | 10.02 | 98.33 | 108.35 | NOTE | |
r-release-macos-arm64 | 1.0 | 47.00 | NOTE | |||
r-release-windows-x86_64 | 1.0 | 10.00 | 85.00 | 95.00 | NOTE | |
r-oldrel-macos-arm64 | 1.0 | 56.00 | OK | |||
r-oldrel-macos-x86_64 | 1.0 | 92.00 | OK | |||
r-oldrel-windows-x86_64 | 1.0 | 12.00 | 104.00 | 116.00 | OK |
Version: 1.0
Check: Rd files
Result: NOTE
checkRd: (-1) fcr-package.Rd:15: Lost braces; missing escapes or markup?
15 | Let $y_{ij}$ denote some outcome measured at
| ^
checkRd: (-1) fcr-package.Rd:16: Lost braces; missing escapes or markup?
16 | $t_{ij}$ on the functional domain (e.g. time) for subject $i$ at observation
| ^
checkRd: (-1) fcr-package.Rd:29: Lost braces; missing escapes or markup?
29 | Initially, a model is fit without $b_i(t_{ij})$. Using the residuals from this initial fit,
| ^
checkRd: (-1) fcr.Rd:13: Lost braces; missing escapes or markup?
13 | The formula should only include terms not associated with the random function intercept b_i(t_{ij}). See Examples.}
| ^
Flavors: r-devel-linux-x86_64-debian-clang, r-devel-linux-x86_64-debian-gcc, r-devel-linux-x86_64-fedora-clang, r-devel-linux-x86_64-fedora-gcc, r-devel-windows-x86_64, r-patched-linux-x86_64, r-release-linux-x86_64, r-release-macos-arm64, r-release-windows-x86_64