Last updated on 2025-02-17 07:50:33 CET.
Flavor | Version | Tinstall | Tcheck | Ttotal | Status | Flags |
---|---|---|---|---|---|---|
r-devel-linux-x86_64-debian-clang | 0.5.1 | 21.82 | 82.01 | 103.83 | NOTE | |
r-devel-linux-x86_64-debian-gcc | 0.5.1 | 15.39 | 60.14 | 75.53 | NOTE | |
r-devel-linux-x86_64-fedora-clang | 0.5.1 | 175.20 | NOTE | |||
r-devel-linux-x86_64-fedora-gcc | 0.5.1 | 161.70 | NOTE | |||
r-devel-macos-arm64 | 0.5.1 | 53.00 | NOTE | |||
r-devel-macos-x86_64 | 0.5.1 | 101.00 | NOTE | |||
r-devel-windows-x86_64 | 0.5.1 | 27.00 | 119.00 | 146.00 | NOTE | |
r-patched-linux-x86_64 | 0.5.1 | 19.80 | 77.63 | 97.43 | NOTE | |
r-release-linux-x86_64 | 0.5.1 | 20.04 | 79.22 | 99.26 | NOTE | |
r-release-macos-arm64 | 0.5.1 | 41.00 | NOTE | |||
r-release-macos-x86_64 | 0.5.1 | 62.00 | NOTE | |||
r-release-windows-x86_64 | 0.5.1 | 25.00 | 119.00 | 144.00 | NOTE | |
r-oldrel-macos-arm64 | 0.5.1 | 46.00 | NOTE | |||
r-oldrel-macos-x86_64 | 0.5.1 | 72.00 | NOTE | |||
r-oldrel-windows-x86_64 | 0.5.1 | 31.00 | 144.00 | 175.00 | NOTE |
Version: 0.5.1
Check: C++ specification
Result: NOTE
Specified C++11: please drop specification unless essential
Flavors: r-devel-linux-x86_64-debian-clang, r-devel-linux-x86_64-debian-gcc, r-devel-linux-x86_64-fedora-clang, r-devel-linux-x86_64-fedora-gcc, r-devel-macos-arm64, r-devel-macos-x86_64, r-devel-windows-x86_64, r-patched-linux-x86_64, r-release-linux-x86_64, r-release-macos-arm64, r-release-macos-x86_64, r-release-windows-x86_64, r-oldrel-macos-arm64, r-oldrel-macos-x86_64, r-oldrel-windows-x86_64