CRAN Package Check Results for Package fastcpd

Last updated on 2025-06-30 07:49:19 CEST.

Flavor Version Tinstall Tcheck Ttotal Status Flags
r-devel-linux-x86_64-debian-clang 0.16.2 188.63 117.82 306.45 OK
r-devel-linux-x86_64-debian-gcc 0.16.2 146.00 90.46 236.46 OK
r-devel-linux-x86_64-fedora-clang 0.16.2 552.21 OK
r-devel-linux-x86_64-fedora-gcc 0.16.2 567.53 OK
r-devel-windows-x86_64 0.16.2 207.00 172.00 379.00 OK
r-patched-linux-x86_64 OK
r-release-linux-x86_64 0.16.2 195.77 118.29 314.06 OK
r-release-macos-arm64 0.16.2 140.00 OK
r-release-macos-x86_64 0.16.2 223.00 OK
r-release-windows-x86_64 0.16.2 209.00 169.00 378.00 OK
r-oldrel-macos-arm64 0.16.2 133.00 NOTE
r-oldrel-macos-x86_64 0.16.2 252.00 NOTE
r-oldrel-windows-x86_64 0.16.2 245.00 202.00 447.00 NOTE

Check Details

Version: 0.16.2
Check: installed package size
Result: NOTE installed size is 64.8Mb sub-directories of 1Mb or more: doc 2.4Mb help 1.8Mb libs 59.3Mb Flavors: r-oldrel-macos-arm64, r-oldrel-macos-x86_64, r-oldrel-windows-x86_64