Last updated on 2025-07-01 07:50:12 CEST.
Flavor | Version | Tinstall | Tcheck | Ttotal | Status | Flags |
---|---|---|---|---|---|---|
r-devel-linux-x86_64-debian-clang | 2.1.2 | 23.97 | 23.28 | 47.25 | OK | |
r-devel-linux-x86_64-debian-gcc | 2.1.2 | 26.42 | 19.06 | 45.48 | OK | |
r-devel-linux-x86_64-fedora-clang | 2.1.2 | 77.03 | OK | |||
r-devel-linux-x86_64-fedora-gcc | 2.1.2 | 104.80 | OK | |||
r-devel-windows-x86_64 | 2.1.2 | 47.00 | 63.00 | 110.00 | OK | |
r-patched-linux-x86_64 | OK | |||||
r-release-linux-x86_64 | 2.1.2 | 31.80 | 20.69 | 52.49 | OK | |
r-release-macos-arm64 | 2.1.2 | 33.00 | OK | |||
r-release-macos-x86_64 | 2.1.2 | 45.00 | OK | |||
r-release-windows-x86_64 | 2.1.2 | 36.00 | 60.00 | 96.00 | OK | |
r-oldrel-macos-arm64 | 2.1.2 | 31.00 | OK | |||
r-oldrel-macos-x86_64 | 2.1.2 | 38.00 | NOTE | |||
r-oldrel-windows-x86_64 | 2.1.2 | 1.00 | 9.00 | 10.00 | ERROR |
Version: 2.1.2
Check: installed package size
Result: NOTE
installed size is 5.4Mb
sub-directories of 1Mb or more:
help 1.6Mb
libs 3.8Mb
Flavor: r-oldrel-macos-x86_64
Version: 2.1.2
Check: whether package can be installed
Result: ERROR
Installation failed.
Flavor: r-oldrel-windows-x86_64