Last updated on 2025-02-11 07:48:23 CET.
Flavor | Version | Tinstall | Tcheck | Ttotal | Status | Flags |
---|---|---|---|---|---|---|
r-devel-linux-x86_64-debian-clang | 0.2 | 3.23 | 22.16 | 25.39 | OK | |
r-devel-linux-x86_64-debian-gcc | 0.2 | 2.30 | 17.59 | 19.89 | OK | |
r-devel-linux-x86_64-fedora-clang | 0.2 | 42.06 | NOTE | |||
r-devel-linux-x86_64-fedora-gcc | 0.2 | 38.36 | NOTE | |||
r-devel-windows-x86_64 | 0.2 | 5.00 | 47.00 | 52.00 | OK | |
r-patched-linux-x86_64 | 0.2 | 3.02 | 20.98 | 24.00 | OK | |
r-release-linux-x86_64 | 0.2 | 2.54 | 21.38 | 23.92 | OK | |
r-release-macos-arm64 | 0.2 | 17.00 | OK | |||
r-release-macos-x86_64 | 0.2 | 23.00 | OK | |||
r-release-windows-x86_64 | 0.2 | 5.00 | 40.00 | 45.00 | OK | |
r-oldrel-macos-arm64 | 0.2 | 18.00 | OK | |||
r-oldrel-macos-x86_64 | 0.2 | 23.00 | OK | |||
r-oldrel-windows-x86_64 | 0.2 | 5.00 | 42.00 | 47.00 | OK |
Version: 0.2
Check: compiled code
Result: NOTE
File ‘falcon/libs/falcon.so’:
Found no calls to: ‘R_registerRoutines’, ‘R_useDynamicSymbols’
It is good practice to register native routines and to disable symbol
search.
See ‘Writing portable packages’ in the ‘Writing R Extensions’ manual.
Flavors: r-devel-linux-x86_64-fedora-clang, r-devel-linux-x86_64-fedora-gcc