Last updated on 2024-05-09 07:56:44 CEST.
Flavor | Version | Tinstall | Tcheck | Ttotal | Status | Flags |
---|---|---|---|---|---|---|
r-devel-linux-x86_64-debian-clang | 1.0 | 2.08 | 45.94 | 48.02 | OK | |
r-devel-linux-x86_64-debian-gcc | 1.0 | 1.78 | 33.80 | 35.58 | OK | |
r-devel-linux-x86_64-fedora-clang | 1.0 | 62.02 | NOTE | |||
r-devel-linux-x86_64-fedora-gcc | 1.0 | 77.74 | NOTE | |||
r-devel-windows-x86_64 | 1.0 | 4.00 | 61.00 | 65.00 | OK | |
r-patched-linux-x86_64 | 1.0 | 2.28 | 44.69 | 46.97 | OK | |
r-release-linux-x86_64 | 1.0 | 2.37 | 43.98 | 46.35 | OK | |
r-release-macos-arm64 | 1.0 | 29.00 | OK | |||
r-release-windows-x86_64 | 1.0 | 4.00 | 62.00 | 66.00 | OK | |
r-oldrel-macos-arm64 | 1.0 | 28.00 | OK | |||
r-oldrel-macos-x86_64 | 1.0 | 41.00 | OK | |||
r-oldrel-windows-x86_64 | 1.0 | 4.00 | 61.00 | 65.00 | OK |
Version: 1.0
Check: dependencies in R code
Result: NOTE
Namespace in Imports field not imported from: ‘dplyr’
All declared Imports should be used.
Flavors: r-devel-linux-x86_64-fedora-clang, r-devel-linux-x86_64-fedora-gcc