Last updated on 2025-02-17 07:50:33 CET.
Flavor | Version | Tinstall | Tcheck | Ttotal | Status | Flags |
---|---|---|---|---|---|---|
r-devel-linux-x86_64-debian-clang | 1.3.0 | 12.61 | 42.38 | 54.99 | OK | |
r-devel-linux-x86_64-debian-gcc | 1.3.0 | 10.61 | 30.90 | 41.51 | OK | |
r-devel-linux-x86_64-fedora-clang | 1.3.0 | 104.02 | OK | |||
r-devel-linux-x86_64-fedora-gcc | 1.3.0 | 106.71 | OK | |||
r-devel-macos-arm64 | 1.3.0 | 11.00 | ERROR | |||
r-devel-macos-x86_64 | 1.3.0 | 82.00 | OK | |||
r-devel-windows-x86_64 | 1.3.0 | 13.00 | 80.00 | 93.00 | OK | |
r-patched-linux-x86_64 | 1.3.0 | 13.52 | 39.86 | 53.38 | OK | |
r-release-linux-x86_64 | 1.3.0 | 13.86 | 41.05 | 54.91 | OK | |
r-release-macos-arm64 | 1.3.0 | 16.00 | ERROR | |||
r-release-macos-x86_64 | 1.3.0 | 107.00 | OK | |||
r-release-windows-x86_64 | 1.3.0 | 16.00 | 83.00 | 99.00 | OK | |
r-oldrel-macos-arm64 | 1.3.0 | 42.00 | OK | |||
r-oldrel-macos-x86_64 | 1.3.0 | 115.00 | OK | |||
r-oldrel-windows-x86_64 | 1.3.0 | 15.00 | 95.00 | 110.00 | OK |
Version: 1.3.0
Check: whether package can be installed
Result: ERROR
Installation failed.
Flavors: r-devel-macos-arm64, r-release-macos-arm64