Last updated on 2024-05-11 07:51:30 CEST.
Flavor | Version | Tinstall | Tcheck | Ttotal | Status | Flags |
---|---|---|---|---|---|---|
r-devel-linux-x86_64-debian-clang | 1.0.1 | 6.66 | 64.00 | 70.66 | NOTE | |
r-devel-linux-x86_64-debian-gcc | 1.0.1 | 5.10 | 47.98 | 53.08 | NOTE | |
r-devel-linux-x86_64-fedora-clang | 1.0.1 | 90.03 | NOTE | |||
r-devel-linux-x86_64-fedora-gcc | 1.0.1 | 126.39 | NOTE | |||
r-devel-windows-x86_64 | 1.0.1 | 7.00 | 64.00 | 71.00 | NOTE | |
r-patched-linux-x86_64 | 1.0.1 | 5.74 | 61.95 | 67.69 | NOTE | |
r-release-linux-x86_64 | 1.0.1 | 5.85 | 59.74 | 65.59 | NOTE | |
r-release-macos-arm64 | 1.0.1 | 27.00 | NOTE | |||
r-release-windows-x86_64 | 1.0.1 | 6.00 | 63.00 | 69.00 | NOTE | |
r-oldrel-macos-arm64 | 1.0.1 | 28.00 | NOTE | |||
r-oldrel-macos-x86_64 | 1.0.1 | 43.00 | NOTE | |||
r-oldrel-windows-x86_64 | 1.0.1 | 8.00 | 71.00 | 79.00 | NOTE |
Version: 1.0.1
Check: LazyData
Result: NOTE
'LazyData' is specified without a 'data' directory
Flavors: r-devel-linux-x86_64-debian-clang, r-devel-linux-x86_64-debian-gcc, r-devel-linux-x86_64-fedora-clang, r-devel-linux-x86_64-fedora-gcc, r-devel-windows-x86_64, r-patched-linux-x86_64, r-release-linux-x86_64, r-release-macos-arm64, r-release-windows-x86_64, r-oldrel-macos-arm64, r-oldrel-macos-x86_64, r-oldrel-windows-x86_64