Last updated on 2025-02-19 07:53:42 CET.
Flavor | Version | Tinstall | Tcheck | Ttotal | Status | Flags |
---|---|---|---|---|---|---|
r-devel-linux-x86_64-debian-clang | 1.5.9 | 11.20 | 153.04 | 164.24 | NOTE | |
r-devel-linux-x86_64-debian-gcc | 1.5.9 | 7.82 | 104.00 | 111.82 | NOTE | |
r-devel-linux-x86_64-fedora-clang | 1.5.9 | 274.55 | OK | |||
r-devel-linux-x86_64-fedora-gcc | 1.5.9 | 252.85 | OK | |||
r-devel-macos-arm64 | 1.5.9 | 72.00 | OK | |||
r-devel-macos-x86_64 | 1.5.9 | 154.00 | OK | |||
r-devel-windows-x86_64 | 1.5.9 | 12.00 | 144.00 | 156.00 | NOTE | |
r-patched-linux-x86_64 | 1.5.9 | 14.47 | 139.56 | 154.03 | OK | |
r-release-linux-x86_64 | 1.5.9 | 11.48 | 139.42 | 150.90 | OK | |
r-release-macos-arm64 | 1.5.9 | 70.00 | OK | |||
r-release-macos-x86_64 | 1.5.9 | 108.00 | OK | |||
r-release-windows-x86_64 | 1.5.9 | 12.00 | 152.00 | 164.00 | OK | |
r-oldrel-macos-arm64 | 1.5.9 | 73.00 | OK | |||
r-oldrel-macos-x86_64 | 1.5.9 | 186.00 | OK | |||
r-oldrel-windows-x86_64 | 1.5.9 | 17.00 | 179.00 | 196.00 | OK |
Version: 1.5.9
Check: Rd cross-references
Result: NOTE
Found the following Rd file(s) with Rd \link{} targets missing package
anchors:
distLquantile.Rd: quantileMean
distLweights.Rd: dist.list
plotLexBoot.Rd: ciBand
plotLextreme.Rd: logAxis
plotLfit.Rd: logAxis
printL.Rd: rainbow2
Please provide package anchors for all Rd \link{} targets not in the
package itself and the base packages.
Flavors: r-devel-linux-x86_64-debian-clang, r-devel-linux-x86_64-debian-gcc, r-devel-windows-x86_64