Last updated on 2025-02-07 07:49:06 CET.
Flavor | Version | Tinstall | Tcheck | Ttotal | Status | Flags |
---|---|---|---|---|---|---|
r-devel-linux-x86_64-debian-clang | 0.2.6 | 10.22 | 94.76 | 104.98 | OK | |
r-devel-linux-x86_64-debian-gcc | 0.2.6 | 7.75 | 66.50 | 74.25 | OK | |
r-devel-linux-x86_64-fedora-clang | 0.2.6 | 176.57 | NOTE | |||
r-devel-linux-x86_64-fedora-gcc | 0.2.6 | 179.07 | NOTE | |||
r-devel-windows-x86_64 | 0.2.6 | 14.00 | 109.00 | 123.00 | OK | |
r-patched-linux-x86_64 | 0.2.6 | 10.42 | 88.50 | 98.92 | OK | |
r-release-linux-x86_64 | 0.2.6 | 10.47 | 90.06 | 100.53 | OK | |
r-release-macos-arm64 | 0.2.6 | 46.00 | OK | |||
r-release-macos-x86_64 | 0.2.6 | 81.00 | OK | |||
r-release-windows-x86_64 | 0.2.6 | 12.00 | 110.00 | 122.00 | OK | |
r-oldrel-macos-arm64 | 0.2.6 | 56.00 | OK | |||
r-oldrel-macos-x86_64 | 0.2.6 | 88.00 | OK | |||
r-oldrel-windows-x86_64 | 0.2.6 | 17.00 | 130.00 | 147.00 | OK |
Version: 0.2.6
Check: dependencies in R code
Result: NOTE
Namespace in Imports field not imported from: ‘EnvStats’
All declared Imports should be used.
Flavors: r-devel-linux-x86_64-fedora-clang, r-devel-linux-x86_64-fedora-gcc