Last updated on 2025-10-31 07:51:45 CET.
| Flavor | Version | Tinstall | Tcheck | Ttotal | Status | Flags | 
|---|---|---|---|---|---|---|
| r-devel-linux-x86_64-debian-clang | 0.4.8 | 2.83 | 35.88 | 38.71 | NOTE | |
| r-devel-linux-x86_64-debian-gcc | 0.4.8 | 2.31 | 28.76 | 31.07 | NOTE | |
| r-devel-linux-x86_64-fedora-clang | 0.4.8 | 57.12 | NOTE | |||
| r-devel-linux-x86_64-fedora-gcc | 0.4.8 | 67.90 | NOTE | |||
| r-devel-windows-x86_64 | 0.4.8 | 4.00 | 56.00 | 60.00 | NOTE | |
| r-patched-linux-x86_64 | 0.4.8 | 3.17 | 33.08 | 36.25 | NOTE | |
| r-release-linux-x86_64 | 0.4.8 | 2.63 | 33.30 | 35.93 | NOTE | |
| r-release-macos-arm64 | 0.4.8 | 1.00 | 32.00 | 33.00 | NOTE | |
| r-release-macos-x86_64 | 0.4.8 | 3.00 | 52.00 | 55.00 | NOTE | |
| r-release-windows-x86_64 | 0.4.8 | 6.00 | 60.00 | 66.00 | NOTE | |
| r-oldrel-macos-arm64 | 0.4.8 | 2.00 | 34.00 | 36.00 | OK | |
| r-oldrel-macos-x86_64 | 0.4.8 | 3.00 | 58.00 | 61.00 | OK | |
| r-oldrel-windows-x86_64 | 0.4.8 | 6.00 | 69.00 | 75.00 | OK | 
Version: 0.4.8
Check: DESCRIPTION meta-information
Result: NOTE
    Missing dependency on R >= 4.1.0 because package code uses the pipe
    |> or function shorthand \(...) syntax added in R 4.1.0.
    File(s) using such syntax:
      ‘elx_run_query.R’
Flavors: r-devel-linux-x86_64-debian-clang, r-devel-linux-x86_64-debian-gcc, r-devel-linux-x86_64-fedora-clang, r-devel-linux-x86_64-fedora-gcc, r-devel-windows-x86_64, r-patched-linux-x86_64, r-release-linux-x86_64, r-release-macos-arm64, r-release-macos-x86_64, r-release-windows-x86_64