Last updated on 2025-02-06 07:50:34 CET.
Flavor | Version | Tinstall | Tcheck | Ttotal | Status | Flags |
---|---|---|---|---|---|---|
r-devel-linux-x86_64-debian-clang | 1.0.0 | 4.63 | 32.42 | 37.05 | OK | |
r-devel-linux-x86_64-debian-gcc | 1.0.0 | 3.32 | 23.65 | 26.97 | OK | |
r-devel-linux-x86_64-fedora-clang | 1.0.0 | 61.14 | OK | |||
r-devel-linux-x86_64-fedora-gcc | 1.0.0 | 59.19 | OK | |||
r-devel-windows-x86_64 | 1.0.0 | 5.00 | 52.00 | 57.00 | OK | |
r-patched-linux-x86_64 | 1.0.0 | 3.71 | 30.15 | 33.86 | NOTE | |
r-release-linux-x86_64 | 1.0.0 | 4.43 | 30.63 | 35.06 | NOTE | |
r-release-macos-arm64 | 1.0.0 | 19.00 | NOTE | |||
r-release-macos-x86_64 | 1.0.0 | 31.00 | NOTE | |||
r-release-windows-x86_64 | 1.0.0 | 6.00 | 51.00 | 57.00 | NOTE | |
r-oldrel-macos-arm64 | 1.0.0 | 21.00 | NOTE | |||
r-oldrel-macos-x86_64 | 1.0.0 | 32.00 | NOTE | |||
r-oldrel-windows-x86_64 | 1.0.0 | 6.00 | 54.00 | 60.00 | NOTE |
Version: 1.0.0
Check: LazyData
Result: NOTE
'LazyData' is specified without a 'data' directory
Flavors: r-patched-linux-x86_64, r-release-linux-x86_64, r-release-macos-arm64, r-release-macos-x86_64, r-release-windows-x86_64, r-oldrel-macos-arm64, r-oldrel-macos-x86_64, r-oldrel-windows-x86_64