Last updated on 2024-07-26 07:51:50 CEST.
Flavor | Version | Tinstall | Tcheck | Ttotal | Status | Flags |
---|---|---|---|---|---|---|
r-devel-linux-x86_64-debian-clang | 1.0.4 | 90.33 | 159.14 | 249.47 | OK | |
r-devel-linux-x86_64-debian-gcc | 1.0.4 | 82.53 | 124.43 | 206.96 | OK | |
r-devel-linux-x86_64-fedora-clang | 1.0.4 | 321.59 | OK | |||
r-devel-linux-x86_64-fedora-gcc | 1.0.4 | 373.07 | OK | |||
r-devel-windows-x86_64 | 1.0.4 | 78.00 | 147.00 | 225.00 | OK | |
r-patched-linux-x86_64 | 1.0.4 | OK | ||||
r-release-linux-x86_64 | 1.0.4 | 96.98 | 155.87 | 252.85 | OK | |
r-release-macos-arm64 | 1.0.4 | 82.00 | NOTE | |||
r-release-macos-x86_64 | 1.0.4 | 131.00 | NOTE | |||
r-release-windows-x86_64 | 1.0.4 | 86.00 | 145.00 | 231.00 | OK | |
r-oldrel-macos-arm64 | 1.0.4 | 111.00 | NOTE | |||
r-oldrel-macos-x86_64 | 1.0.4 | 303.00 | NOTE | |||
r-oldrel-windows-x86_64 | 1.0.4 | 104.00 | 188.00 | 292.00 | OK |
Version: 1.0.4
Check: installed package size
Result: NOTE
installed size is 39.9Mb
sub-directories of 1Mb or more:
libs 39.5Mb
Flavors: r-release-macos-arm64, r-release-macos-x86_64, r-oldrel-macos-arm64, r-oldrel-macos-x86_64