Last updated on 2024-05-12 08:01:52 CEST.
Flavor | Version | Tinstall | Tcheck | Ttotal | Status | Flags |
---|---|---|---|---|---|---|
r-devel-linux-x86_64-debian-clang | 1.3 | 13.28 | 116.60 | 129.88 | NOTE | |
r-devel-linux-x86_64-debian-gcc | 1.3 | 9.11 | 84.55 | 93.66 | NOTE | |
r-devel-linux-x86_64-fedora-clang | 1.3 | 157.32 | NOTE | |||
r-devel-linux-x86_64-fedora-gcc | 1.3 | 143.44 | NOTE | |||
r-devel-windows-x86_64 | 1.3 | 14.00 | 103.00 | 117.00 | OK | |
r-patched-linux-x86_64 | 1.2 | 13.78 | 108.15 | 121.93 | NOTE | |
r-release-linux-x86_64 | 1.2 | 13.03 | 108.62 | 121.65 | NOTE | |
r-release-macos-arm64 | 1.3 | 45.00 | OK | |||
r-release-macos-x86_64 | 1.3 | 143.00 | OK | |||
r-release-windows-x86_64 | 1.3 | 14.00 | 89.00 | 103.00 | OK | |
r-oldrel-macos-arm64 | 1.3 | 45.00 | OK | |||
r-oldrel-macos-x86_64 | 1.3 | 129.00 | OK | |||
r-oldrel-windows-x86_64 | 1.3 | 15.00 | 111.00 | 126.00 | OK |
Version: 1.3
Check: Rd cross-references
Result: NOTE
Unknown package ‘margins’ in Rd xrefs
Flavors: r-devel-linux-x86_64-debian-clang, r-devel-linux-x86_64-debian-gcc, r-devel-linux-x86_64-fedora-gcc
Version: 1.3
Check: Rd cross-references
Result: NOTE
Undeclared package ‘margins’ in Rd xrefs
Unknown package ‘margins’ in Rd xrefs
Flavor: r-devel-linux-x86_64-fedora-clang
Version: 1.2
Check: Rd cross-references
Result: NOTE
Unknown package ‘margins’ in Rd xrefs
Flavors: r-patched-linux-x86_64, r-release-linux-x86_64