CRAN Package Check Results for Package epos

Last updated on 2025-01-16 07:50:15 CET.

Flavor Version Tinstall Tcheck Ttotal Status Flags
r-devel-linux-x86_64-debian-clang 1.1 5.84 63.80 69.64 OK
r-devel-linux-x86_64-debian-gcc 1.1 4.65 45.06 49.71 OK
r-devel-linux-x86_64-fedora-clang 1.1 107.26 NOTE
r-devel-linux-x86_64-fedora-gcc 1.1 106.37 NOTE
r-devel-windows-x86_64 1.1 10.00 90.00 100.00 OK
r-patched-linux-x86_64 1.1 6.77 59.21 65.98 OK
r-release-linux-x86_64 1.1 6.00 58.23 64.23 OK
r-release-macos-arm64 1.1 32.00 OK
r-release-macos-x86_64 1.1 50.00 OK
r-release-windows-x86_64 1.1 9.00 94.00 103.00 OK
r-oldrel-macos-arm64 1.1 42.00 OK
r-oldrel-macos-x86_64 1.1 91.00 OK
r-oldrel-windows-x86_64 1.1 10.00 105.00 115.00 OK

Check Details

Version: 1.1
Check: dependencies in R code
Result: NOTE Namespace in Imports field not imported from: ‘testthat’ All declared Imports should be used. Flavors: r-devel-linux-x86_64-fedora-clang, r-devel-linux-x86_64-fedora-gcc