Last updated on 2025-11-02 07:50:05 CET.
| Flavor | Version | Tinstall | Tcheck | Ttotal | Status | Flags |
|---|---|---|---|---|---|---|
| r-devel-linux-x86_64-debian-clang | 0.16.3 | 53.14 | 290.78 | 343.92 | OK | |
| r-devel-linux-x86_64-debian-gcc | 0.16.3 | 36.57 | 186.37 | 222.94 | OK | |
| r-devel-linux-x86_64-fedora-clang | 0.16.3 | 115.00 | 401.36 | 516.36 | OK | |
| r-devel-linux-x86_64-fedora-gcc | 0.16.3 | 106.00 | 372.33 | 478.33 | OK | |
| r-devel-windows-x86_64 | 0.16.3 | 53.00 | 250.00 | 303.00 | OK | |
| r-patched-linux-x86_64 | 0.16.3 | 61.52 | 262.64 | 324.16 | OK | |
| r-release-linux-x86_64 | 0.16.3 | 53.06 | 265.44 | 318.50 | OK | |
| r-release-macos-arm64 | 0.16.3 | 25.00 | 111.00 | 136.00 | OK | |
| r-release-macos-x86_64 | 0.16.3 | 51.00 | 209.00 | 260.00 | OK | |
| r-release-windows-x86_64 | 0.16.3 | 55.00 | 247.00 | 302.00 | OK | |
| r-oldrel-macos-arm64 | 0.16.3 | 25.00 | 100.00 | 125.00 | NOTE | |
| r-oldrel-macos-x86_64 | 0.16.3 | 69.00 | 182.00 | 251.00 | NOTE | |
| r-oldrel-windows-x86_64 | 0.16.3 | 73.00 | 313.00 | 386.00 | OK |
Version: 0.16.3
Check: installed package size
Result: NOTE
installed size is 5.4Mb
sub-directories of 1Mb or more:
R 4.3Mb
Flavors: r-oldrel-macos-arm64, r-oldrel-macos-x86_64