Last updated on 2024-05-11 07:51:29 CEST.
Flavor | Version | Tinstall | Tcheck | Ttotal | Status | Flags |
---|---|---|---|---|---|---|
r-devel-linux-x86_64-debian-clang | 0.1-0 | 94.51 | 102.17 | 196.68 | NOTE | |
r-devel-linux-x86_64-debian-gcc | 0.1-0 | 86.14 | 62.17 | 148.31 | NOTE | |
r-devel-linux-x86_64-fedora-clang | 0.1-0 | 251.76 | NOTE | |||
r-devel-linux-x86_64-fedora-gcc | 0.1-0 | 289.71 | NOTE | |||
r-devel-windows-x86_64 | 0.1-0 | 73.00 | 122.00 | 195.00 | NOTE | |
r-patched-linux-x86_64 | 0.1-0 | 101.94 | 79.07 | 181.01 | OK | |
r-release-linux-x86_64 | 0.1-0 | 102.74 | 79.40 | 182.14 | OK | |
r-release-macos-arm64 | 0.1-0 | 101.00 | NOTE | |||
r-release-macos-x86_64 | 0.1-0 | 158.00 | NOTE | |||
r-release-windows-x86_64 | 0.1-0 | 72.00 | 121.00 | 193.00 | OK | |
r-oldrel-macos-arm64 | 0.1-0 | 108.00 | NOTE | |||
r-oldrel-macos-x86_64 | 0.1-0 | 190.00 | NOTE | |||
r-oldrel-windows-x86_64 | 0.1-0 | 68.00 | 126.00 | 194.00 | OK |
Version: 0.1-0
Check: compiled code
Result: NOTE
File ‘epiworldR/libs/epiworldR.so’:
Found non-API calls to R: ‘SETLENGTH’, ‘SET_TRUELENGTH’
Compiled code should not call non-API entry points in R.
See ‘Writing portable packages’ in the ‘Writing R Extensions’ manual.
Flavors: r-devel-linux-x86_64-debian-clang, r-devel-linux-x86_64-debian-gcc, r-devel-linux-x86_64-fedora-clang, r-devel-linux-x86_64-fedora-gcc
Version: 0.1-0
Check: compiled code
Result: NOTE
File 'epiworldR/libs/x64/epiworldR.dll':
Found non-API calls to R: 'SETLENGTH', 'SET_TRUELENGTH'
Compiled code should not call non-API entry points in R.
See 'Writing portable packages' in the 'Writing R Extensions' manual.
Flavor: r-devel-windows-x86_64
Version: 0.1-0
Check: installed package size
Result: NOTE
installed size is 13.2Mb
sub-directories of 1Mb or more:
libs 11.5Mb
Flavors: r-release-macos-arm64, r-release-macos-x86_64, r-oldrel-macos-arm64, r-oldrel-macos-x86_64