Last updated on 2025-10-25 07:49:28 CEST.
| Flavor | Version | Tinstall | Tcheck | Ttotal | Status | Flags |
|---|---|---|---|---|---|---|
| r-devel-linux-x86_64-debian-clang | 0.9.0 | 97.85 | 29.07 | 126.92 | OK | |
| r-devel-linux-x86_64-debian-gcc | 0.9.0 | 73.84 | 32.28 | 106.12 | OK | |
| r-devel-linux-x86_64-fedora-clang | 0.9.0 | 226.00 | -7.93 | 218.07 | OK | |
| r-devel-linux-x86_64-fedora-gcc | 0.9.0 | 140.00 | 97.07 | 237.07 | OK | |
| r-devel-windows-x86_64 | 0.9.0 | 100.00 | 78.00 | 178.00 | OK | |
| r-patched-linux-x86_64 | 0.9.0 | 104.75 | 38.33 | 143.08 | OK | |
| r-release-linux-x86_64 | 0.9.0 | 101.01 | 39.08 | 140.09 | OK | |
| r-release-macos-arm64 | 0.9.0 | 37.00 | 17.00 | 54.00 | OK | |
| r-release-macos-x86_64 | 0.9.0 | 59.00 | 32.00 | 91.00 | OK | |
| r-release-windows-x86_64 | 0.9.0 | 99.00 | 76.00 | 175.00 | OK | |
| r-oldrel-macos-arm64 | 0.9.0 | 43.00 | 16.00 | 59.00 | NOTE | |
| r-oldrel-macos-x86_64 | 0.9.0 | 34.00 | 23.00 | 57.00 | NOTE | |
| r-oldrel-windows-x86_64 | 0.9.0 | 120.00 | 91.00 | 211.00 | OK |
Version: 0.9.0
Check: installed package size
Result: NOTE
installed size is 39.2Mb
sub-directories of 1Mb or more:
libs 39.1Mb
Flavors: r-oldrel-macos-arm64, r-oldrel-macos-x86_64