Last updated on 2024-05-09 07:56:44 CEST.
Flavor | Version | Tinstall | Tcheck | Ttotal | Status | Flags |
---|---|---|---|---|---|---|
r-devel-linux-x86_64-debian-clang | 0.1-8 | 6.07 | 51.61 | 57.68 | NOTE | |
r-devel-linux-x86_64-debian-gcc | 0.1-8 | 5.55 | 38.31 | 43.86 | NOTE | |
r-devel-linux-x86_64-fedora-clang | 0.1-8 | 75.75 | NOTE | |||
r-devel-linux-x86_64-fedora-gcc | 0.1-8 | 88.66 | NOTE | |||
r-devel-windows-x86_64 | 0.1-8 | 7.00 | 61.00 | 68.00 | NOTE | |
r-patched-linux-x86_64 | 0.1-8 | 8.58 | 42.46 | 51.04 | NOTE | |
r-release-linux-x86_64 | 0.1-8 | 7.49 | 49.05 | 56.54 | NOTE | |
r-release-macos-arm64 | 0.1-8 | 22.00 | NOTE | |||
r-release-windows-x86_64 | 0.1-8 | 5.00 | 54.00 | 59.00 | NOTE | |
r-oldrel-macos-arm64 | 0.1-8 | 23.00 | OK | |||
r-oldrel-macos-x86_64 | 0.1-8 | 32.00 | OK | |||
r-oldrel-windows-x86_64 | 0.1-8 | 7.00 | 66.00 | 73.00 | OK |
Version: 0.1-8
Check: Rd files
Result: NOTE
checkRd: (-1) deconv_npmle.Rd:98: Lost braces in \itemize; \value handles \item{}{} directly
checkRd: (-1) deconv_npmle.Rd:100-102: Lost braces in \itemize; \value handles \item{}{} directly
checkRd: (-1) deconv_npmle.Rd:104-106: Lost braces in \itemize; \value handles \item{}{} directly
checkRd: (-1) deconv_npmle.Rd:108-110: Lost braces in \itemize; \value handles \item{}{} directly
checkRd: (-1) deconv_npmle.Rd:112-116: Lost braces in \itemize; \value handles \item{}{} directly
checkRd: (-1) deconv_npmle.Rd:121: Lost braces in \itemize; \value handles \item{}{} directly
checkRd: (-1) deconv_npmle.Rd:123: Lost braces in \itemize; \value handles \item{}{} directly
checkRd: (-1) deconv_npmle.Rd:125: Lost braces in \itemize; \value handles \item{}{} directly
checkRd: (-1) deconv_npmle.Rd:127: Lost braces in \itemize; \value handles \item{}{} directly
checkRd: (-1) deconv_npmle.Rd:129: Lost braces in \itemize; \value handles \item{}{} directly
checkRd: (-1) deconv_npmle.Rd:131: Lost braces in \itemize; \value handles \item{}{} directly
checkRd: (-1) deconv_npmle.Rd:137: Lost braces in \itemize; \value handles \item{}{} directly
checkRd: (-1) deconv_npmle.Rd:139: Lost braces in \itemize; \value handles \item{}{} directly
checkRd: (-1) deconv_npmle.Rd:141-142: Lost braces in \itemize; \value handles \item{}{} directly
checkRd: (-1) deconv_npmle.Rd:144-145: Lost braces in \itemize; \value handles \item{}{} directly
checkRd: (-1) get_bugs_wishart_scalemat.Rd:71-73: Lost braces in \itemize; \value handles \item{}{} directly
checkRd: (-1) get_bugs_wishart_scalemat.Rd:75-76: Lost braces in \itemize; \value handles \item{}{} directly
checkRd: (-1) get_bugs_wishart_scalemat.Rd:78-79: Lost braces in \itemize; \value handles \item{}{} directly
checkRd: (-1) get_bugs_wishart_scalemat.Rd:81-82: Lost braces in \itemize; \value handles \item{}{} directly
checkRd: (-1) lr_ancova.Rd:185: Lost braces
185 | function \code{g(X)}{g(X)} is set to \code{g(x[1])} for values of
| ^
Flavors: r-devel-linux-x86_64-debian-clang, r-devel-linux-x86_64-debian-gcc, r-devel-linux-x86_64-fedora-clang, r-devel-linux-x86_64-fedora-gcc, r-devel-windows-x86_64, r-patched-linux-x86_64, r-release-linux-x86_64, r-release-macos-arm64, r-release-windows-x86_64