Last updated on 2025-02-19 07:53:42 CET.
Flavor | Version | Tinstall | Tcheck | Ttotal | Status | Flags |
---|---|---|---|---|---|---|
r-devel-linux-x86_64-debian-clang | 2.9.5 | 9.44 | 65.74 | 75.18 | NOTE | |
r-devel-linux-x86_64-debian-gcc | 2.9.5 | 4.91 | 46.08 | 50.99 | NOTE | |
r-devel-linux-x86_64-fedora-clang | 2.9.5 | 118.55 | OK | |||
r-devel-linux-x86_64-fedora-gcc | 2.9.5 | 122.68 | OK | |||
r-devel-macos-arm64 | 2.9.5 | 41.00 | OK | |||
r-devel-macos-x86_64 | 2.9.5 | 87.00 | OK | |||
r-devel-windows-x86_64 | 2.9.5 | 10.00 | 116.00 | 126.00 | NOTE | |
r-patched-linux-x86_64 | 2.9.5 | 14.25 | 61.04 | 75.29 | OK | |
r-release-linux-x86_64 | 2.9.5 | 8.42 | 59.74 | 68.16 | OK | |
r-release-macos-arm64 | 2.9.5 | 42.00 | OK | |||
r-release-macos-x86_64 | 2.9.5 | 72.00 | OK | |||
r-release-windows-x86_64 | 2.9.5 | 10.00 | 105.00 | 115.00 | OK | |
r-oldrel-macos-arm64 | 2.9.5 | 47.00 | OK | |||
r-oldrel-macos-x86_64 | 2.9.5 | 86.00 | OK | |||
r-oldrel-windows-x86_64 | 2.9.5 | 13.00 | 109.00 | 122.00 | OK |
Version: 2.9.5
Check: Rd cross-references
Result: NOTE
Found the following Rd file(s) with Rd \link{} targets missing package
anchors:
as.lp.mip.Rd: make.lp
editrules.plotting.Rd: as.igraph
editrules_package.Rd: as.igraph
Please provide package anchors for all Rd \link{} targets not in the
package itself and the base packages.
Flavors: r-devel-linux-x86_64-debian-clang, r-devel-linux-x86_64-debian-gcc, r-devel-windows-x86_64