Last updated on 2024-05-09 07:56:44 CEST.
Flavor | Version | Tinstall | Tcheck | Ttotal | Status | Flags |
---|---|---|---|---|---|---|
r-devel-linux-x86_64-debian-clang | 0.2.4 | 96.34 | 100.34 | 196.68 | OK | |
r-devel-linux-x86_64-debian-gcc | 0.2.4 | 68.43 | 75.55 | 143.98 | OK | |
r-devel-linux-x86_64-fedora-clang | 0.2.4 | 249.93 | OK | |||
r-devel-linux-x86_64-fedora-gcc | 0.2.4 | 332.36 | OK | |||
r-devel-windows-x86_64 | 0.2.4 | 68.00 | 120.00 | 188.00 | OK | |
r-patched-linux-x86_64 | 0.2.4 | 87.48 | 99.20 | 186.68 | OK | |
r-release-linux-x86_64 | 0.2.4 | 82.87 | 97.79 | 180.66 | OK | |
r-release-macos-arm64 | 0.2.4 | 85.00 | NOTE | |||
r-release-windows-x86_64 | 0.2.4 | 67.00 | 120.00 | 187.00 | OK | |
r-oldrel-macos-arm64 | 0.2.4 | 79.00 | NOTE | |||
r-oldrel-macos-x86_64 | 0.2.4 | 267.00 | NOTE | |||
r-oldrel-windows-x86_64 | 0.2.4 | 81.00 | 147.00 | 228.00 | OK |
Version: 0.2.4
Check: installed package size
Result: NOTE
installed size is 13.5Mb
sub-directories of 1Mb or more:
doc 1.3Mb
libs 11.7Mb
Flavors: r-release-macos-arm64, r-oldrel-macos-arm64, r-oldrel-macos-x86_64